Last updated on 2025-02-21 02:52:11 CET.
Flavor | Version | Tinstall | Tcheck | Ttotal | Status | Flags |
---|---|---|---|---|---|---|
r-devel-linux-x86_64-debian-clang | 0.1.8 | 46.59 | 127.77 | 174.36 | NOTE | |
r-devel-linux-x86_64-debian-gcc | 0.1.8 | 34.54 | 88.69 | 123.23 | NOTE | |
r-devel-linux-x86_64-fedora-clang | 0.1.8 | 276.95 | NOTE | |||
r-devel-linux-x86_64-fedora-gcc | 0.1.8 | 300.34 | NOTE | |||
r-devel-macos-arm64 | 0.1.8 | 80.00 | NOTE | |||
r-devel-macos-x86_64 | 0.1.8 | 171.00 | NOTE | |||
r-devel-windows-x86_64 | 0.1.8 | 42.00 | 167.00 | 209.00 | NOTE | |
r-patched-linux-x86_64 | 0.1.8 | 49.94 | 123.57 | 173.51 | NOTE | |
r-release-linux-x86_64 | 0.1.8 | 48.25 | 123.64 | 171.89 | NOTE | |
r-release-macos-arm64 | 0.1.8 | 76.00 | NOTE | |||
r-release-macos-x86_64 | 0.1.8 | 126.00 | NOTE | |||
r-release-windows-x86_64 | 0.1.8 | 45.00 | 173.00 | 218.00 | NOTE | |
r-oldrel-macos-arm64 | 0.1.8 | 83.00 | NOTE | |||
r-oldrel-macos-x86_64 | 0.1.8 | 117.00 | NOTE | |||
r-oldrel-windows-x86_64 | 0.1.8 | 54.00 | 190.00 | 244.00 | NOTE |
Version: 0.1.8
Check: C++ specification
Result: NOTE
Specified C++11: please drop specification unless essential
Flavors: r-devel-linux-x86_64-debian-clang, r-devel-linux-x86_64-debian-gcc, r-devel-linux-x86_64-fedora-clang, r-devel-linux-x86_64-fedora-gcc, r-devel-macos-arm64, r-devel-macos-x86_64, r-devel-windows-x86_64, r-patched-linux-x86_64, r-release-linux-x86_64, r-release-macos-arm64, r-release-macos-x86_64, r-release-windows-x86_64, r-oldrel-macos-arm64, r-oldrel-macos-x86_64, r-oldrel-windows-x86_64
Version: 0.1.8
Check: dependencies in R code
Result: NOTE
Namespace in Imports field not imported from: ‘qpdf’
All declared Imports should be used.
Flavors: r-devel-linux-x86_64-fedora-clang, r-devel-linux-x86_64-fedora-gcc
Version: 0.1.8
Check: installed package size
Result: NOTE
installed size is 20.4Mb
sub-directories of 1Mb or more:
libs 19.7Mb
Flavors: r-release-macos-arm64, r-release-macos-x86_64, r-oldrel-macos-arm64, r-oldrel-macos-x86_64