Last updated on 2025-02-21 02:52:11 CET.
Flavor | Version | Tinstall | Tcheck | Ttotal | Status | Flags |
---|---|---|---|---|---|---|
r-devel-linux-x86_64-debian-clang | 0.1.0 | 2.14 | 33.62 | 35.76 | NOTE | |
r-devel-linux-x86_64-debian-gcc | 0.1.0 | 1.65 | 26.75 | 28.40 | NOTE | |
r-devel-linux-x86_64-fedora-clang | 0.1.0 | 58.14 | NOTE | |||
r-devel-linux-x86_64-fedora-gcc | 0.1.0 | 68.26 | NOTE | |||
r-devel-macos-arm64 | 0.1.0 | 29.00 | OK | |||
r-devel-macos-x86_64 | 0.1.0 | 57.00 | NOTE | |||
r-devel-windows-x86_64 | 0.1.0 | 3.00 | 54.00 | 57.00 | NOTE | |
r-patched-linux-x86_64 | 0.1.0 | 2.05 | 31.85 | 33.90 | OK | |
r-release-linux-x86_64 | 0.1.0 | 1.76 | 31.26 | 33.02 | OK | |
r-release-macos-arm64 | 0.1.0 | 46.00 | OK | |||
r-release-macos-x86_64 | 0.1.0 | 98.00 | OK | |||
r-release-windows-x86_64 | 0.1.0 | 3.00 | 56.00 | 59.00 | OK | |
r-oldrel-macos-arm64 | 0.1.0 | 38.00 | OK | |||
r-oldrel-macos-x86_64 | 0.1.0 | 66.00 | OK | |||
r-oldrel-windows-x86_64 | 0.1.0 | 5.00 | 74.00 | 79.00 | OK |
Version: 0.1.0
Check: DESCRIPTION meta-information
Result: NOTE
Missing dependency on R >= 4.1.0 because package code uses the pipe
|> or function shorthand \(...) syntax added in R 4.1.0.
File(s) using such syntax:
‘find_connected_components.R’
Flavors: r-devel-linux-x86_64-debian-clang, r-devel-linux-x86_64-debian-gcc, r-devel-linux-x86_64-fedora-clang, r-devel-linux-x86_64-fedora-gcc, r-devel-macos-x86_64, r-devel-windows-x86_64