Last updated on 2025-02-21 02:52:11 CET.
Flavor | Version | Tinstall | Tcheck | Ttotal | Status | Flags |
---|---|---|---|---|---|---|
r-devel-linux-x86_64-debian-clang | 0.1.2 | 6.90 | 42.87 | 49.77 | OK | |
r-devel-linux-x86_64-debian-gcc | 0.1.2 | 4.86 | 30.42 | 35.28 | OK | |
r-devel-linux-x86_64-fedora-clang | 0.1.2 | 84.93 | NOTE | |||
r-devel-linux-x86_64-fedora-gcc | 0.1.2 | 76.11 | NOTE | |||
r-devel-macos-arm64 | 0.1.2 | 29.00 | OK | |||
r-devel-macos-x86_64 | 0.1.2 | 54.00 | OK | |||
r-devel-windows-x86_64 | 0.1.2 | 8.00 | 59.00 | 67.00 | OK | |
r-patched-linux-x86_64 | 0.1.2 | 7.68 | 40.31 | 47.99 | OK | |
r-release-linux-x86_64 | 0.1.2 | 7.35 | 40.27 | 47.62 | OK | |
r-release-macos-arm64 | 0.1.2 | 26.00 | OK | |||
r-release-macos-x86_64 | 0.1.2 | 41.00 | OK | |||
r-release-windows-x86_64 | 0.1.2 | 9.00 | 59.00 | 68.00 | OK | |
r-oldrel-macos-arm64 | 0.1.2 | 29.00 | OK | |||
r-oldrel-macos-x86_64 | 0.1.2 | 46.00 | OK | |||
r-oldrel-windows-x86_64 | 0.1.2 | 12.00 | 83.00 | 95.00 | OK |
Version: 0.1.2
Check: dependencies in R code
Result: NOTE
Namespaces in Imports field not imported from:
‘bigalgebra’ ‘biganalytics’
All declared Imports should be used.
Flavors: r-devel-linux-x86_64-fedora-clang, r-devel-linux-x86_64-fedora-gcc