Last updated on 2025-02-21 02:52:12 CET.
Flavor | Version | Tinstall | Tcheck | Ttotal | Status | Flags |
---|---|---|---|---|---|---|
r-devel-linux-x86_64-debian-clang | 0.2.0 | 8.78 | 77.46 | 86.24 | OK | |
r-devel-linux-x86_64-debian-gcc | 0.2.0 | 6.43 | 57.90 | 64.33 | OK | |
r-devel-linux-x86_64-fedora-clang | 0.2.0 | 136.77 | NOTE | |||
r-devel-linux-x86_64-fedora-gcc | 0.2.0 | 140.80 | NOTE | |||
r-devel-macos-arm64 | 0.2.0 | 46.00 | OK | |||
r-devel-macos-x86_64 | 0.2.0 | 93.00 | OK | |||
r-devel-windows-x86_64 | 0.2.0 | 10.00 | 87.00 | 97.00 | OK | |
r-patched-linux-x86_64 | 0.2.0 | 8.34 | 72.06 | 80.40 | OK | |
r-release-linux-x86_64 | 0.2.0 | 7.81 | 71.75 | 79.56 | OK | |
r-release-macos-arm64 | 0.2.0 | 46.00 | OK | |||
r-release-macos-x86_64 | 0.2.0 | 69.00 | OK | |||
r-release-windows-x86_64 | 0.2.0 | 10.00 | 87.00 | 97.00 | OK | |
r-oldrel-macos-arm64 | 0.2.0 | 48.00 | OK | |||
r-oldrel-macos-x86_64 | 0.2.0 | 80.00 | OK | |||
r-oldrel-windows-x86_64 | 0.2.0 | 12.00 | 102.00 | 114.00 | OK |
Version: 0.2.0
Check: dependencies in R code
Result: NOTE
Namespaces in Imports field not imported from:
‘MASS’ ‘MCMCpack’ ‘ggplot2’ ‘moments’
All declared Imports should be used.
Flavors: r-devel-linux-x86_64-fedora-clang, r-devel-linux-x86_64-fedora-gcc