Last updated on 2025-02-18 02:50:36 CET.
Flavor | Version | Tinstall | Tcheck | Ttotal | Status | Flags |
---|---|---|---|---|---|---|
r-devel-linux-x86_64-debian-clang | 1.1.3.7 | 3.52 | 35.70 | 39.22 | OK | |
r-devel-linux-x86_64-debian-gcc | 1.1.3.7 | 3.81 | 28.19 | 32.00 | OK | |
r-devel-linux-x86_64-fedora-clang | 1.1.3.7 | 64.87 | NOTE | |||
r-devel-linux-x86_64-fedora-gcc | 1.1.3.7 | 61.23 | NOTE | |||
r-devel-macos-arm64 | 1.1.3.7 | 26.00 | OK | |||
r-devel-macos-x86_64 | 1.1.3.7 | 41.00 | OK | |||
r-devel-windows-x86_64 | 1.1.3.7 | 8.00 | 59.00 | 67.00 | OK | |
r-patched-linux-x86_64 | 1.1.3.7 | 4.54 | 34.32 | 38.86 | NOTE | |
r-release-linux-x86_64 | 1.1.3.7 | 4.18 | 34.28 | 38.46 | NOTE | |
r-release-macos-arm64 | 1.1.3.7 | 23.00 | NOTE | |||
r-release-macos-x86_64 | 1.1.3.7 | 35.00 | NOTE | |||
r-release-windows-x86_64 | 1.1.3.7 | 8.00 | 58.00 | 66.00 | NOTE | |
r-oldrel-macos-arm64 | 1.1.3.7 | 25.00 | NOTE | |||
r-oldrel-macos-x86_64 | 1.1.3.7 | 35.00 | NOTE | |||
r-oldrel-windows-x86_64 | 1.1.3.7 | 11.00 | 67.00 | 78.00 | NOTE |
Version: 1.1.3.7
Check: dependencies in R code
Result: NOTE
Namespace in Imports field not imported from: ‘grDevices’
All declared Imports should be used.
Flavors: r-devel-linux-x86_64-fedora-clang, r-devel-linux-x86_64-fedora-gcc
Version: 1.1.3.7
Check: LazyData
Result: NOTE
'LazyData' is specified without a 'data' directory
Flavors: r-patched-linux-x86_64, r-release-linux-x86_64, r-release-macos-arm64, r-release-macos-x86_64, r-release-windows-x86_64, r-oldrel-macos-arm64, r-oldrel-macos-x86_64, r-oldrel-windows-x86_64