Last updated on 2025-02-21 02:52:11 CET.
Flavor | Version | Tinstall | Tcheck | Ttotal | Status | Flags |
---|---|---|---|---|---|---|
r-devel-linux-x86_64-debian-clang | 5.4-22 | 30.29 | 186.68 | 216.97 | NOTE | |
r-devel-linux-x86_64-debian-gcc | 5.4-22 | 17.40 | 126.77 | 144.17 | NOTE | |
r-devel-linux-x86_64-fedora-clang | 5.4-22 | 338.14 | OK | |||
r-devel-linux-x86_64-fedora-gcc | 5.4-22 | 322.75 | OK | |||
r-devel-macos-arm64 | 5.4-22 | 79.00 | OK | |||
r-devel-macos-x86_64 | 5.4-22 | 264.00 | OK | |||
r-devel-windows-x86_64 | 5.4-22 | 28.00 | 195.00 | 223.00 | NOTE | |
r-patched-linux-x86_64 | 5.4-22 | 28.79 | 177.62 | 206.41 | OK | |
r-release-linux-x86_64 | 5.4-22 | 27.69 | 172.87 | 200.56 | OK | |
r-release-macos-arm64 | 5.4-22 | 78.00 | OK | |||
r-release-macos-x86_64 | 5.4-22 | 192.00 | OK | |||
r-release-windows-x86_64 | 5.4-22 | 30.00 | 187.00 | 217.00 | OK | |
r-oldrel-macos-arm64 | 5.4-22 | 86.00 | OK | |||
r-oldrel-macos-x86_64 | 5.4-22 | 251.00 | OK | |||
r-oldrel-windows-x86_64 | 5.4-22 | 38.00 | 228.00 | 266.00 | OK |
Version: 5.4-22
Check: Rd cross-references
Result: NOTE
Found the following Rd file(s) with Rd \link{} targets missing package
anchors:
LR.test.Rd: dropterm
gamlss.ps.Rd: ridge
Please provide package anchors for all Rd \link{} targets not in the
package itself and the base packages.
Flavors: r-devel-linux-x86_64-debian-clang, r-devel-linux-x86_64-debian-gcc, r-devel-windows-x86_64