Last updated on 2025-02-21 02:52:11 CET.
Flavor | Version | Tinstall | Tcheck | Ttotal | Status | Flags |
---|---|---|---|---|---|---|
r-devel-linux-x86_64-debian-clang | 3.0-2 | 10.48 | 82.22 | 92.70 | NOTE | |
r-devel-linux-x86_64-debian-gcc | 3.0-2 | 7.55 | 56.90 | 64.45 | NOTE | |
r-devel-linux-x86_64-fedora-clang | 3.0-2 | 143.64 | OK | |||
r-devel-linux-x86_64-fedora-gcc | 3.0-2 | 137.34 | OK | |||
r-devel-macos-arm64 | 3.0-2 | 44.00 | OK | |||
r-devel-macos-x86_64 | 3.0-2 | 83.00 | OK | |||
r-devel-windows-x86_64 | 3.0-2 | 11.00 | 88.00 | 99.00 | NOTE | |
r-patched-linux-x86_64 | 3.0-2 | 9.45 | 76.42 | 85.87 | OK | |
r-release-linux-x86_64 | 3.0-2 | 8.86 | 75.80 | 84.66 | OK | |
r-release-macos-arm64 | 3.0-2 | 38.00 | OK | |||
r-release-macos-x86_64 | 3.0-2 | 62.00 | OK | |||
r-release-windows-x86_64 | 3.0-2 | 10.00 | 86.00 | 96.00 | OK | |
r-oldrel-macos-arm64 | 3.0-2 | 44.00 | OK | |||
r-oldrel-macos-x86_64 | 3.0-2 | 85.00 | OK | |||
r-oldrel-windows-x86_64 | 3.0-2 | 14.00 | 128.00 | 142.00 | OK |
Version: 3.0-2
Check: Rd cross-references
Result: NOTE
Found the following Rd file(s) with Rd \link{} targets missing package
anchors:
MRF.Rd: mrf
Please provide package anchors for all Rd \link{} targets not in the
package itself and the base packages.
Flavors: r-devel-linux-x86_64-debian-clang, r-devel-linux-x86_64-debian-gcc, r-devel-windows-x86_64