Last updated on 2025-02-20 14:50:53 CET.
Flavor | Version | Tinstall | Tcheck | Ttotal | Status | Flags |
---|---|---|---|---|---|---|
r-devel-linux-x86_64-debian-clang | 2.0-2 | 93.40 | 43.04 | 136.44 | OK | |
r-devel-linux-x86_64-debian-gcc | 2.0-2 | 60.26 | 32.37 | 92.63 | OK | |
r-devel-linux-x86_64-fedora-clang | 2.0-2 | 257.98 | OK | |||
r-devel-linux-x86_64-fedora-gcc | 2.0-2 | 244.67 | OK | |||
r-devel-macos-arm64 | 2.0-2 | 61.00 | OK | |||
r-devel-macos-x86_64 | 2.0-2 | 92.00 | OK | |||
r-devel-windows-x86_64 | 2.0-2 | 87.00 | 91.00 | 178.00 | OK | |
r-patched-linux-x86_64 | 2.0-2 | 79.59 | 40.88 | 120.47 | OK | |
r-release-linux-x86_64 | 2.0-2 | 81.86 | 40.69 | 122.55 | OK | |
r-release-macos-arm64 | 2.0-2 | 66.00 | NOTE | |||
r-release-macos-x86_64 | 2.0-2 | 90.00 | NOTE | |||
r-release-windows-x86_64 | 2.0-2 | 92.00 | 91.00 | 183.00 | OK | |
r-oldrel-macos-arm64 | 2.0-1 | 84.00 | NOTE | |||
r-oldrel-macos-x86_64 | 2.0-2 | 137.00 | NOTE | |||
r-oldrel-windows-x86_64 | 2.0-2 | 112.00 | 127.00 | 239.00 | OK |
Version: 2.0-2
Check: installed package size
Result: NOTE
installed size is 6.2Mb
sub-directories of 1Mb or more:
libs 5.2Mb
Flavors: r-release-macos-arm64, r-release-macos-x86_64, r-oldrel-macos-x86_64
Version: 2.0-1
Check: installed package size
Result: NOTE
installed size is 6.0Mb
sub-directories of 1Mb or more:
libs 5.1Mb
Flavor: r-oldrel-macos-arm64