Last updated on 2025-02-21 02:52:11 CET.
Flavor | Version | Tinstall | Tcheck | Ttotal | Status | Flags |
---|---|---|---|---|---|---|
r-devel-linux-x86_64-debian-clang | 1.6 | 26.59 | 248.45 | 275.04 | OK | |
r-devel-linux-x86_64-debian-gcc | 1.6 | 16.41 | 172.97 | 189.38 | OK | |
r-devel-linux-x86_64-fedora-clang | 1.6 | 414.92 | OK | |||
r-devel-linux-x86_64-fedora-gcc | 1.6 | 417.68 | OK | |||
r-devel-macos-arm64 | 1.6 | 127.00 | OK | |||
r-devel-macos-x86_64 | 1.6 | 424.00 | OK | |||
r-devel-windows-x86_64 | 1.6 | 33.00 | 348.00 | 381.00 | OK | |
r-patched-linux-x86_64 | 1.6 | 23.67 | 240.05 | 263.72 | OK | |
r-release-linux-x86_64 | 1.6 | 22.76 | 238.29 | 261.05 | OK | |
r-release-macos-arm64 | 1.6 | 134.00 | NOTE | |||
r-release-macos-x86_64 | 1.6 | 287.00 | NOTE | |||
r-release-windows-x86_64 | 1.6 | 41.00 | 352.00 | 393.00 | NOTE | |
r-oldrel-macos-arm64 | 1.6 | 188.00 | NOTE | |||
r-oldrel-macos-x86_64 | 1.6 | 308.00 | NOTE | |||
r-oldrel-windows-x86_64 | 1.6 | 41.00 | 380.00 | 421.00 | NOTE |
Version: 1.6
Check: installed package size
Result: NOTE
installed size is 9.0Mb
sub-directories of 1Mb or more:
doc 7.4Mb
Flavors: r-release-macos-arm64, r-release-macos-x86_64, r-release-windows-x86_64, r-oldrel-macos-arm64, r-oldrel-macos-x86_64, r-oldrel-windows-x86_64