Last updated on 2025-05-05 14:48:59 CEST.
Flavor | Version | Tinstall | Tcheck | Ttotal | Status | Flags |
---|---|---|---|---|---|---|
r-devel-linux-x86_64-debian-clang | 0.0.1 | 3.34 | 36.65 | 39.99 | OK | |
r-devel-linux-x86_64-debian-gcc | 0.0.1 | 2.65 | 29.94 | 32.59 | OK | |
r-devel-linux-x86_64-fedora-clang | 0.0.1 | 65.51 | OK | |||
r-devel-linux-x86_64-fedora-gcc | 0.0.1 | 72.06 | OK | |||
r-devel-windows-x86_64 | 0.0.1 | 6.00 | 60.00 | 66.00 | OK | |
r-patched-linux-x86_64 | 0.0.1 | 2.81 | 34.70 | 37.51 | OK | |
r-release-linux-x86_64 | 0.0.1 | 2.46 | 34.21 | 36.67 | OK | |
r-release-macos-arm64 | 0.0.1 | 45.00 | OK | |||
r-release-macos-x86_64 | 0.0.1 | 78.00 | OK | |||
r-release-windows-x86_64 | 0.0.1 | 5.00 | 61.00 | 66.00 | OK | |
r-oldrel-macos-arm64 | 0.0.1 | 29.00 | NOTE | |||
r-oldrel-macos-x86_64 | 0.0.1 | 44.00 | NOTE | |||
r-oldrel-windows-x86_64 | 0.0.1 | 8.00 | 65.00 | 73.00 | NOTE |
Version: 0.0.1
Check: LazyData
Result: NOTE
'LazyData' is specified without a 'data' directory
Flavors: r-oldrel-macos-arm64, r-oldrel-macos-x86_64, r-oldrel-windows-x86_64