CRAN Package Check Results for Package gbm

Last updated on 2025-05-08 02:50:57 CEST.

Flavor Version Tinstall Tcheck Ttotal Status Flags
r-devel-linux-x86_64-debian-clang 2.2.2 32.06 110.98 143.04 NOTE
r-devel-linux-x86_64-debian-gcc 2.2.2 21.07 83.47 104.54 NOTE
r-devel-linux-x86_64-fedora-clang 2.2.2 284.28 OK
r-devel-linux-x86_64-fedora-gcc 2.2.2 243.78 OK
r-devel-windows-x86_64 2.2.2 46.00 156.00 202.00 OK
r-patched-linux-x86_64 2.2.2 31.09 105.27 136.36 NOTE
r-release-linux-x86_64 2.2.2 30.38 105.51 135.89 NOTE
r-release-macos-arm64 2.2.2 84.00 OK
r-release-macos-x86_64 2.2.2 179.00 OK
r-release-windows-x86_64 2.2.2 46.00 156.00 202.00 OK
r-oldrel-macos-arm64 2.2.2 98.00 OK
r-oldrel-macos-x86_64 2.2.2 173.00 OK
r-oldrel-windows-x86_64 2.2.2 54.00 179.00 233.00 OK

Check Details

Version: 2.2.2
Check: for unstated dependencies in ‘demo’
Result: NOTE 'library' or 'require' call not declared from: ‘MASS’ Flavors: r-devel-linux-x86_64-debian-clang, r-devel-linux-x86_64-debian-gcc, r-patched-linux-x86_64, r-release-linux-x86_64