Last updated on 2025-05-23 14:50:00 CEST.
Flavor | Version | Tinstall | Tcheck | Ttotal | Status | Flags |
---|---|---|---|---|---|---|
r-devel-linux-x86_64-debian-clang | 0.7.1 | 339.66 | 138.16 | 477.82 | OK | |
r-devel-linux-x86_64-debian-gcc | 0.7.1 | 261.82 | 100.45 | 362.27 | OK | |
r-devel-linux-x86_64-fedora-clang | 0.7.1 | 769.30 | OK | |||
r-devel-linux-x86_64-fedora-gcc | 0.7.1 | 1074.59 | OK | |||
r-devel-windows-x86_64 | 0.7.1 | 357.00 | 653.00 | 1010.00 | OK | |
r-patched-linux-x86_64 | 0.7.1 | 369.64 | 133.57 | 503.21 | OK | |
r-release-linux-x86_64 | 0.7.1 | 365.22 | 134.17 | 499.39 | OK | |
r-release-macos-arm64 | 0.7.1 | 208.00 | OK | |||
r-release-macos-x86_64 | 0.7.1 | 275.00 | OK | |||
r-release-windows-x86_64 | 0.7.1 | 371.00 | 665.00 | 1036.00 | OK | |
r-oldrel-macos-arm64 | 0.7.1 | 215.00 | NOTE | |||
r-oldrel-macos-x86_64 | 0.7.1 | 305.00 | NOTE | |||
r-oldrel-windows-x86_64 | 0.7.1 | 346.00 | 893.00 | 1239.00 | NOTE |
Version: 0.7.1
Check: installed package size
Result: NOTE
installed size is 97.3Mb
sub-directories of 1Mb or more:
L8NY18 2.2Mb
libs 93.8Mb
Flavors: r-oldrel-macos-arm64, r-oldrel-macos-x86_64, r-oldrel-windows-x86_64