Last updated on 2025-02-21 02:52:11 CET.
Flavor | Version | Tinstall | Tcheck | Ttotal | Status | Flags |
---|---|---|---|---|---|---|
r-devel-linux-x86_64-debian-clang | 0.4.1 | 25.86 | 34.02 | 59.88 | OK | |
r-devel-linux-x86_64-debian-gcc | 0.4.1 | 18.86 | 26.25 | 45.11 | OK | |
r-devel-linux-x86_64-fedora-clang | 0.4.1 | 113.15 | OK | |||
r-devel-linux-x86_64-fedora-gcc | 0.4.1 | 104.12 | OK | |||
r-devel-macos-arm64 | 0.4.1 | 48.00 | OK | |||
r-devel-macos-x86_64 | 0.4.1 | 72.00 | OK | |||
r-devel-windows-x86_64 | 0.4.1 | 45.00 | 104.00 | 149.00 | OK | |
r-patched-linux-x86_64 | 0.4.1 | 27.94 | 32.56 | 60.50 | OK | |
r-release-linux-x86_64 | 0.4.1 | 27.92 | 32.39 | 60.31 | OK | |
r-release-macos-arm64 | 0.4.1 | 49.00 | OK | |||
r-release-macos-x86_64 | 0.4.1 | 80.00 | NOTE | |||
r-release-windows-x86_64 | 0.4.1 | 50.00 | 99.00 | 149.00 | OK | |
r-oldrel-macos-arm64 | 0.4.1 | 55.00 | OK | |||
r-oldrel-macos-x86_64 | 0.4.1 | 83.00 | NOTE | |||
r-oldrel-windows-x86_64 | 0.4.1 | 68.00 | 122.00 | 190.00 | OK |
Version: 0.4.1
Check: installed package size
Result: NOTE
installed size is 5.3Mb
sub-directories of 1Mb or more:
libs 5.0Mb
Flavors: r-release-macos-x86_64, r-oldrel-macos-x86_64