Last updated on 2025-02-21 02:52:12 CET.
Flavor | Version | Tinstall | Tcheck | Ttotal | Status | Flags |
---|---|---|---|---|---|---|
r-devel-linux-x86_64-debian-clang | 1.0-1 | 2.75 | 43.49 | 46.24 | OK | |
r-devel-linux-x86_64-debian-gcc | 1.0-1 | 1.77 | 30.28 | 32.05 | OK | |
r-devel-linux-x86_64-fedora-clang | 1.0-1 | 72.01 | OK | |||
r-devel-linux-x86_64-fedora-gcc | 1.0-1 | 67.23 | OK | |||
r-devel-macos-arm64 | 1.0-1 | 22.00 | OK | |||
r-devel-macos-x86_64 | 1.0-1 | 42.00 | OK | |||
r-devel-windows-x86_64 | 1.0-1 | 3.00 | 59.00 | 62.00 | OK | |
r-patched-linux-x86_64 | 1.0-1 | 2.29 | 39.71 | 42.00 | NOTE | |
r-release-linux-x86_64 | 1.0-1 | 2.47 | 38.97 | 41.44 | NOTE | |
r-release-macos-arm64 | 1.0-1 | 22.00 | NOTE | |||
r-release-macos-x86_64 | 1.0-1 | 48.00 | NOTE | |||
r-release-windows-x86_64 | 1.0-1 | 3.00 | 58.00 | 61.00 | NOTE | |
r-oldrel-macos-arm64 | 1.0-1 | 24.00 | NOTE | |||
r-oldrel-macos-x86_64 | 1.0-1 | 37.00 | NOTE | |||
r-oldrel-windows-x86_64 | 1.0-1 | 4.00 | 95.00 | 99.00 | NOTE |
Version: 1.0-1
Check: LazyData
Result: NOTE
'LazyData' is specified without a 'data' directory
Flavors: r-patched-linux-x86_64, r-release-linux-x86_64, r-release-macos-arm64, r-release-macos-x86_64, r-release-windows-x86_64, r-oldrel-macos-arm64, r-oldrel-macos-x86_64, r-oldrel-windows-x86_64