Last updated on 2025-02-21 02:52:12 CET.
Flavor | Version | Tinstall | Tcheck | Ttotal | Status | Flags |
---|---|---|---|---|---|---|
r-devel-linux-x86_64-debian-clang | 0.1.0 | 1.89 | 133.96 | 135.85 | OK | |
r-devel-linux-x86_64-debian-gcc | 0.1.0 | 1.64 | 73.06 | 74.70 | OK | |
r-devel-linux-x86_64-fedora-clang | 0.1.0 | 223.94 | OK | |||
r-devel-linux-x86_64-fedora-gcc | 0.1.0 | 229.03 | OK | |||
r-devel-macos-arm64 | 0.1.0 | 53.00 | OK | |||
r-devel-macos-x86_64 | 0.1.0 | 154.00 | OK | |||
r-devel-windows-x86_64 | 0.1.0 | 3.00 | 121.00 | 124.00 | OK | |
r-patched-linux-x86_64 | 0.1.0 | 1.92 | 124.84 | 126.76 | NOTE | |
r-release-linux-x86_64 | 0.1.0 | 1.88 | 124.07 | 125.95 | NOTE | |
r-release-macos-arm64 | 0.1.0 | 54.00 | NOTE | |||
r-release-macos-x86_64 | 0.1.0 | 106.00 | NOTE | |||
r-release-windows-x86_64 | 0.1.0 | 5.00 | 122.00 | 127.00 | NOTE | |
r-oldrel-macos-arm64 | 0.1.0 | 62.00 | NOTE | |||
r-oldrel-macos-x86_64 | 0.1.0 | 115.00 | NOTE | |||
r-oldrel-windows-x86_64 | 0.1.0 | 3.00 | 166.00 | 169.00 | NOTE |
Version: 0.1.0
Check: LazyData
Result: NOTE
'LazyData' is specified without a 'data' directory
Flavors: r-patched-linux-x86_64, r-release-linux-x86_64, r-release-macos-arm64, r-release-macos-x86_64, r-release-windows-x86_64, r-oldrel-macos-arm64, r-oldrel-macos-x86_64, r-oldrel-windows-x86_64