Last updated on 2024-05-21 14:57:11 CEST.
Flavor | Version | Tinstall | Tcheck | Ttotal | Status | Flags |
---|---|---|---|---|---|---|
r-devel-linux-x86_64-debian-clang | 1.3 | 5.54 | 47.47 | 53.01 | NOTE | |
r-devel-linux-x86_64-debian-gcc | 1.3 | 4.09 | 35.30 | 39.39 | NOTE | |
r-devel-linux-x86_64-fedora-clang | 1.3 | 61.75 | NOTE | |||
r-devel-linux-x86_64-fedora-gcc | 1.3 | 60.08 | NOTE | |||
r-devel-windows-x86_64 | 1.3 | 5.00 | 55.00 | 60.00 | NOTE | |
r-patched-linux-x86_64 | 1.3 | 3.46 | 44.75 | 48.21 | NOTE | |
r-release-linux-x86_64 | 1.3 | 3.65 | 44.65 | 48.30 | NOTE | |
r-release-macos-arm64 | 1.3 | 22.00 | NOTE | |||
r-release-windows-x86_64 | 1.3 | 6.00 | 55.00 | 61.00 | NOTE | |
r-oldrel-macos-arm64 | 1.3 | 23.00 | OK | |||
r-oldrel-macos-x86_64 | 1.3 | 33.00 | OK | |||
r-oldrel-windows-x86_64 | 1.3 | 7.00 | 58.00 | 65.00 | OK |
Version: 1.3
Check: Rd files
Result: NOTE
checkRd: (-1) cfunc.new.Rd:57: Lost braces in \itemize; meant \describe ?
checkRd: (-1) cfunc.new.Rd:58-59: Lost braces in \itemize; meant \describe ?
checkRd: (-1) cfunc.new.Rd:60-61: Lost braces in \itemize; meant \describe ?
checkRd: (-1) cfunc.new.Rd:62: Lost braces in \itemize; meant \describe ?
checkRd: (-1) cfunc.new.Rd:63-64: Lost braces in \itemize; meant \describe ?
checkRd: (-1) cfunc.new.Rd:65: Lost braces in \itemize; meant \describe ?
Flavors: r-devel-linux-x86_64-debian-clang, r-devel-linux-x86_64-debian-gcc, r-devel-linux-x86_64-fedora-clang, r-devel-linux-x86_64-fedora-gcc, r-devel-windows-x86_64, r-patched-linux-x86_64, r-release-linux-x86_64, r-release-macos-arm64, r-release-windows-x86_64