Last updated on 2025-02-20 14:50:53 CET.
Flavor | Version | Tinstall | Tcheck | Ttotal | Status | Flags |
---|---|---|---|---|---|---|
r-devel-linux-x86_64-debian-clang | 0.1.1 | 17.83 | 44.63 | 62.46 | NOTE | |
r-devel-linux-x86_64-debian-gcc | 0.1.1 | 13.72 | 33.02 | 46.74 | NOTE | |
r-devel-linux-x86_64-fedora-clang | 0.1.1 | 102.84 | NOTE | |||
r-devel-linux-x86_64-fedora-gcc | 0.1.1 | 96.44 | NOTE | |||
r-devel-macos-arm64 | 0.1.1 | 29.00 | NOTE | |||
r-devel-macos-x86_64 | 0.1.1 | 49.00 | NOTE | |||
r-devel-windows-x86_64 | 0.1.1 | 21.00 | 74.00 | 95.00 | NOTE | |
r-patched-linux-x86_64 | 0.1.1 | 17.67 | 44.12 | 61.79 | NOTE | |
r-release-linux-x86_64 | 0.1.1 | 19.65 | 43.60 | 63.25 | NOTE | |
r-release-macos-arm64 | 0.1.1 | 28.00 | NOTE | |||
r-release-macos-x86_64 | 0.1.1 | 39.00 | NOTE | |||
r-release-windows-x86_64 | 0.1.1 | 22.00 | 74.00 | 96.00 | NOTE | |
r-oldrel-macos-arm64 | 0.1.1 | 32.00 | NOTE | |||
r-oldrel-macos-x86_64 | 0.1.1 | 48.00 | NOTE | |||
r-oldrel-windows-x86_64 | 0.1.1 | 27.00 | 124.00 | 151.00 | NOTE |
Version: 0.1.1
Check: C++ specification
Result: NOTE
Specified C++11: please drop specification unless essential
Flavors: r-devel-linux-x86_64-debian-clang, r-devel-linux-x86_64-debian-gcc, r-devel-linux-x86_64-fedora-clang, r-devel-linux-x86_64-fedora-gcc, r-devel-macos-arm64, r-devel-macos-x86_64, r-devel-windows-x86_64, r-patched-linux-x86_64, r-release-linux-x86_64, r-release-macos-arm64, r-release-macos-x86_64, r-release-windows-x86_64, r-oldrel-macos-arm64, r-oldrel-macos-x86_64, r-oldrel-windows-x86_64