Last updated on 2025-02-16 14:50:32 CET.
Flavor | Version | Tinstall | Tcheck | Ttotal | Status | Flags |
---|---|---|---|---|---|---|
r-devel-linux-x86_64-debian-clang | 0.1.8 | 26.89 | 223.47 | 250.36 | NOTE | |
r-devel-linux-x86_64-debian-gcc | 0.1.8 | 20.19 | 139.13 | 159.32 | NOTE | |
r-devel-linux-x86_64-fedora-clang | 0.1.8 | 432.21 | OK | |||
r-devel-linux-x86_64-fedora-gcc | 0.1.8 | 385.17 | OK | |||
r-devel-macos-arm64 | 0.1.8 | 83.00 | OK | |||
r-devel-macos-x86_64 | 0.1.8 | 176.00 | OK | |||
r-devel-windows-x86_64 | 0.1.8 | 25.00 | 176.00 | 201.00 | NOTE | |
r-patched-linux-x86_64 | 0.1.8 | 28.32 | 209.10 | 237.42 | OK | |
r-release-linux-x86_64 | 0.1.8 | 24.79 | 211.48 | 236.27 | OK | |
r-release-macos-arm64 | 0.1.8 | 82.00 | OK | |||
r-release-macos-x86_64 | 0.1.8 | 135.00 | OK | |||
r-release-windows-x86_64 | 0.1.8 | 24.00 | 201.00 | 225.00 | OK | |
r-oldrel-macos-arm64 | 0.1.8 | 88.00 | OK | |||
r-oldrel-macos-x86_64 | 0.1.8 | 162.00 | OK | |||
r-oldrel-windows-x86_64 | 0.1.8 | 35.00 | 237.00 | 272.00 | OK |
Version: 0.1.8
Check: Rd cross-references
Result: NOTE
Found the following Rd file(s) with Rd \link{} targets missing package
anchors:
geoTS-package.Rd: reclassify
Please provide package anchors for all Rd \link{} targets not in the
package itself and the base packages.
Flavors: r-devel-linux-x86_64-debian-clang, r-devel-linux-x86_64-debian-gcc, r-devel-windows-x86_64