Last updated on 2025-02-21 02:52:12 CET.
Flavor | Version | Tinstall | Tcheck | Ttotal | Status | Flags |
---|---|---|---|---|---|---|
r-devel-linux-x86_64-debian-clang | 0.1.0 | 4.30 | 34.61 | 38.91 | OK | |
r-devel-linux-x86_64-debian-gcc | 0.1.0 | 2.98 | 25.92 | 28.90 | OK | |
r-devel-linux-x86_64-fedora-clang | 0.1.0 | 61.79 | NOTE | |||
r-devel-linux-x86_64-fedora-gcc | 0.1.0 | 57.60 | NOTE | |||
r-devel-macos-arm64 | 0.1.0 | 21.00 | OK | |||
r-devel-macos-x86_64 | 0.1.0 | 45.00 | OK | |||
r-devel-windows-x86_64 | 0.1.0 | 5.00 | 55.00 | 60.00 | OK | |
r-patched-linux-x86_64 | 0.1.0 | 3.74 | 32.08 | 35.82 | NOTE | |
r-release-linux-x86_64 | 0.1.0 | 4.06 | 32.03 | 36.09 | NOTE | |
r-release-macos-arm64 | 0.1.0 | 22.00 | NOTE | |||
r-release-macos-x86_64 | 0.1.0 | 32.00 | NOTE | |||
r-release-windows-x86_64 | 0.1.0 | 7.00 | 52.00 | 59.00 | NOTE | |
r-oldrel-macos-arm64 | 0.1.0 | 24.00 | NOTE | |||
r-oldrel-macos-x86_64 | 0.1.0 | 33.00 | NOTE | |||
r-oldrel-windows-x86_64 | 0.1.0 | 7.00 | 57.00 | 64.00 | NOTE |
Version: 0.1.0
Check: dependencies in R code
Result: NOTE
Namespace in Imports field not imported from: ‘tibble’
All declared Imports should be used.
Flavors: r-devel-linux-x86_64-fedora-clang, r-devel-linux-x86_64-fedora-gcc
Version: 0.1.0
Check: LazyData
Result: NOTE
'LazyData' is specified without a 'data' directory
Flavors: r-patched-linux-x86_64, r-release-linux-x86_64, r-release-macos-arm64, r-release-macos-x86_64, r-release-windows-x86_64, r-oldrel-macos-arm64, r-oldrel-macos-x86_64, r-oldrel-windows-x86_64