Last updated on 2025-02-21 02:52:12 CET.
Flavor | Version | Tinstall | Tcheck | Ttotal | Status | Flags |
---|---|---|---|---|---|---|
r-devel-linux-x86_64-debian-clang | 0.2.1 | 90.37 | 64.28 | 154.65 | OK | |
r-devel-linux-x86_64-debian-gcc | 0.2.1 | 63.96 | 45.47 | 109.43 | OK | |
r-devel-linux-x86_64-fedora-clang | 0.2.1 | 287.55 | OK | |||
r-devel-linux-x86_64-fedora-gcc | 0.2.1 | 299.62 | OK | |||
r-devel-macos-arm64 | 0.2.1 | 70.00 | OK | |||
r-devel-macos-x86_64 | 0.2.1 | 109.00 | OK | |||
r-devel-windows-x86_64 | 0.2.1 | 97.00 | 98.00 | 195.00 | OK | |
r-patched-linux-x86_64 | 0.2.1 | 91.59 | 62.48 | 154.07 | OK | |
r-release-linux-x86_64 | 0.2.1 | 92.30 | 60.62 | 152.92 | OK | |
r-release-macos-arm64 | 0.2.1 | 78.00 | NOTE | |||
r-release-macos-x86_64 | 0.2.1 | 102.00 | NOTE | |||
r-release-windows-x86_64 | 0.2.1 | 96.00 | 100.00 | 196.00 | OK | |
r-oldrel-macos-arm64 | 0.2.1 | 80.00 | NOTE | |||
r-oldrel-macos-x86_64 | 0.2.1 | 96.00 | NOTE | |||
r-oldrel-windows-x86_64 | 0.2.1 | 115.00 | 116.00 | 231.00 | OK |
Version: 0.2.1
Check: installed package size
Result: NOTE
installed size is 7.4Mb
sub-directories of 1Mb or more:
libs 6.1Mb
Flavors: r-release-macos-arm64, r-release-macos-x86_64, r-oldrel-macos-arm64, r-oldrel-macos-x86_64