Last updated on 2025-02-18 02:50:36 CET.
Flavor | Version | Tinstall | Tcheck | Ttotal | Status | Flags |
---|---|---|---|---|---|---|
r-devel-linux-x86_64-debian-clang | 2.0.0 | 4.92 | 41.90 | 46.82 | OK | |
r-devel-linux-x86_64-debian-gcc | 2.0.0 | 4.17 | 33.09 | 37.26 | OK | |
r-devel-linux-x86_64-fedora-clang | 2.0.0 | 79.59 | OK | |||
r-devel-linux-x86_64-fedora-gcc | 2.0.0 | 75.60 | OK | |||
r-devel-macos-arm64 | 2.0.0 | 26.00 | OK | |||
r-devel-macos-x86_64 | 2.0.0 | 42.00 | OK | |||
r-devel-windows-x86_64 | 2.0.0 | 7.00 | 67.00 | 74.00 | OK | |
r-patched-linux-x86_64 | 2.0.0 | 4.63 | 40.22 | 44.85 | NOTE | |
r-release-linux-x86_64 | 2.0.0 | 5.40 | 40.75 | 46.15 | NOTE | |
r-release-macos-arm64 | 2.0.0 | 24.00 | NOTE | |||
r-release-macos-x86_64 | 2.0.0 | 36.00 | NOTE | |||
r-release-windows-x86_64 | 2.0.0 | 7.00 | 57.00 | 64.00 | NOTE | |
r-oldrel-macos-arm64 | 2.0.0 | 30.00 | NOTE | |||
r-oldrel-macos-x86_64 | 2.0.0 | 42.00 | NOTE | |||
r-oldrel-windows-x86_64 | 2.0.0 | 9.00 | 62.00 | 71.00 | NOTE |
Version: 2.0.0
Check: LazyData
Result: NOTE
'LazyData' is specified without a 'data' directory
Flavors: r-patched-linux-x86_64, r-release-linux-x86_64, r-release-macos-arm64, r-release-macos-x86_64, r-release-windows-x86_64, r-oldrel-macos-arm64, r-oldrel-macos-x86_64, r-oldrel-windows-x86_64