Last updated on 2024-05-21 02:54:26 CEST.
Flavor | Version | Tinstall | Tcheck | Ttotal | Status | Flags |
---|---|---|---|---|---|---|
r-devel-linux-x86_64-debian-clang | 1.0.15 | 10.80 | 207.66 | 218.46 | OK | |
r-devel-linux-x86_64-debian-gcc | 1.0.15 | 6.78 | 155.48 | 162.26 | OK | |
r-devel-linux-x86_64-fedora-clang | 1.0.15 | 270.35 | NOTE | |||
r-devel-linux-x86_64-fedora-gcc | 1.0.15 | 266.71 | NOTE | |||
r-devel-windows-x86_64 | 1.0.15 | 14.00 | 207.00 | 221.00 | OK | |
r-patched-linux-x86_64 | 1.0.15 | 12.13 | 199.65 | 211.78 | OK | |
r-release-linux-x86_64 | 1.0.15 | 8.56 | 202.19 | 210.75 | OK | |
r-release-macos-arm64 | 1.0.15 | 114.00 | OK | |||
r-release-macos-x86_64 | 1.0.15 | 228.00 | OK | |||
r-release-windows-x86_64 | 1.0.15 | 16.00 | 210.00 | 226.00 | OK | |
r-oldrel-macos-arm64 | 1.0.15 | 120.00 | OK | |||
r-oldrel-macos-x86_64 | 1.0.15 | 213.00 | OK | |||
r-oldrel-windows-x86_64 | 1.0.15 | 15.00 | 243.00 | 258.00 | OK |
Version: 1.0.15
Check: data for non-ASCII characters
Result: NOTE
Note: found 99755 marked UTF-8 strings
Flavors: r-devel-linux-x86_64-fedora-clang, r-devel-linux-x86_64-fedora-gcc