Last updated on 2024-05-21 14:57:11 CEST.
Flavor | Version | Tinstall | Tcheck | Ttotal | Status | Flags |
---|---|---|---|---|---|---|
r-devel-linux-x86_64-debian-clang | 2.0.1 | 6.37 | 100.41 | 106.78 | OK | |
r-devel-linux-x86_64-debian-gcc | 2.0.1 | 3.73 | 74.64 | 78.37 | OK | |
r-devel-linux-x86_64-fedora-clang | 2.0.1 | 126.37 | NOTE | |||
r-devel-linux-x86_64-fedora-gcc | 2.0.1 | 130.71 | OK | |||
r-devel-windows-x86_64 | 2.0.1 | 6.00 | 129.00 | 135.00 | NOTE | |
r-patched-linux-x86_64 | 2.0.1 | 7.43 | 93.02 | 100.45 | OK | |
r-release-linux-x86_64 | 2.0.1 | 3.53 | 93.85 | 97.38 | OK | |
r-release-macos-arm64 | 2.0.1 | 66.00 | NOTE | |||
r-release-windows-x86_64 | 2.0.1 | 6.00 | 126.00 | 132.00 | NOTE | |
r-oldrel-macos-arm64 | 2.0.1 | 53.00 | NOTE | |||
r-oldrel-macos-x86_64 | 2.0.1 | 124.00 | NOTE | |||
r-oldrel-windows-x86_64 | 2.0.1 | 7.00 | 141.00 | 148.00 | NOTE |
Version: 2.0.1
Check: installed package size
Result: NOTE
installed size is 6.8Mb
sub-directories of 1Mb or more:
doc 2.1Mb
extdata 3.5Mb
Flavors: r-devel-linux-x86_64-fedora-clang, r-devel-windows-x86_64, r-release-macos-arm64, r-release-windows-x86_64, r-oldrel-macos-arm64, r-oldrel-macos-x86_64, r-oldrel-windows-x86_64