Last updated on 2024-05-21 14:57:11 CEST.
Flavor | Version | Tinstall | Tcheck | Ttotal | Status | Flags |
---|---|---|---|---|---|---|
r-devel-linux-x86_64-debian-clang | 2.0.3 | 94.17 | 37.48 | 131.65 | NOTE | |
r-devel-linux-x86_64-debian-gcc | 2.0.3 | 68.69 | 29.42 | 98.11 | NOTE | |
r-devel-linux-x86_64-fedora-clang | 2.0.3 | 195.72 | NOTE | |||
r-devel-linux-x86_64-fedora-gcc | 2.0.3 | 222.56 | NOTE | |||
r-devel-windows-x86_64 | 2.0.3 | 74.00 | 76.00 | 150.00 | NOTE | |
r-patched-linux-x86_64 | 2.0.3 | 100.67 | 36.09 | 136.76 | NOTE | |
r-release-linux-x86_64 | 2.0.3 | 91.06 | 36.78 | 127.84 | NOTE | |
r-release-macos-arm64 | 2.0.3 | 52.00 | NOTE | |||
r-release-windows-x86_64 | 2.0.3 | 72.00 | 77.00 | 149.00 | NOTE | |
r-oldrel-macos-arm64 | 2.0.3 | 64.00 | NOTE | |||
r-oldrel-macos-x86_64 | 2.0.3 | 96.00 | NOTE | |||
r-oldrel-windows-x86_64 | 2.0.3 | 90.00 | 85.00 | 175.00 | NOTE |
Version: 2.0.3
Check: C++ specification
Result: NOTE
Specified C++11: please drop specification unless essential
Flavors: r-devel-linux-x86_64-debian-clang, r-devel-linux-x86_64-debian-gcc, r-devel-linux-x86_64-fedora-clang, r-devel-linux-x86_64-fedora-gcc, r-devel-windows-x86_64, r-patched-linux-x86_64, r-release-linux-x86_64, r-release-macos-arm64, r-release-windows-x86_64, r-oldrel-macos-arm64, r-oldrel-macos-x86_64, r-oldrel-windows-x86_64
Version: 2.0.3
Check: installed package size
Result: NOTE
installed size is 6.4Mb
sub-directories of 1Mb or more:
help 1.3Mb
libs 4.4Mb
Flavors: r-release-macos-arm64, r-oldrel-macos-arm64, r-oldrel-macos-x86_64