Last updated on 2025-02-18 02:50:36 CET.
Flavor | Version | Tinstall | Tcheck | Ttotal | Status | Flags |
---|---|---|---|---|---|---|
r-devel-linux-x86_64-debian-clang | 2.3.0 | 37.92 | 168.97 | 206.89 | NOTE | |
r-devel-linux-x86_64-debian-gcc | 2.3.0 | 27.41 | 113.37 | 140.78 | NOTE | |
r-devel-linux-x86_64-fedora-clang | 2.3.0 | 364.44 | NOTE | |||
r-devel-linux-x86_64-fedora-gcc | 2.3.0 | 357.32 | NOTE | |||
r-devel-macos-arm64 | 2.3.0 | 95.00 | OK | |||
r-devel-macos-x86_64 | 2.3.0 | 187.00 | NOTE | |||
r-devel-windows-x86_64 | 2.3.0 | 43.00 | 205.00 | 248.00 | NOTE | |
r-patched-linux-x86_64 | 2.3.0 | 39.35 | 153.86 | 193.21 | OK | |
r-release-linux-x86_64 | 2.3.0 | 35.91 | 153.99 | 189.90 | OK | |
r-release-macos-arm64 | 2.3.0 | 90.00 | OK | |||
r-release-macos-x86_64 | 2.3.0 | 141.00 | OK | |||
r-release-windows-x86_64 | 2.3.0 | 42.00 | 200.00 | 242.00 | OK | |
r-oldrel-macos-arm64 | 2.3.0 | 86.00 | OK | |||
r-oldrel-macos-x86_64 | 2.3.0 | 205.00 | OK | |||
r-oldrel-windows-x86_64 | 2.3.0 | 55.00 | 228.00 | 283.00 | OK |
Version: 2.3.0
Check: DESCRIPTION meta-information
Result: NOTE
Missing dependency on R >= 4.1.0 because package code uses the pipe
|> or function shorthand \(...) syntax added in R 4.1.0.
File(s) using such syntax:
‘dra_vtd.R’ ‘heda.R’ ‘lewis.R’ ‘regionalize.R’
Flavors: r-devel-linux-x86_64-debian-clang, r-devel-linux-x86_64-debian-gcc, r-devel-linux-x86_64-fedora-clang, r-devel-linux-x86_64-fedora-gcc, r-devel-macos-x86_64, r-devel-windows-x86_64