Last updated on 2025-02-18 02:50:37 CET.
Flavor | Version | Tinstall | Tcheck | Ttotal | Status | Flags |
---|---|---|---|---|---|---|
r-devel-linux-x86_64-debian-clang | 1.5-20 | 72.62 | 76.64 | 149.26 | OK | |
r-devel-linux-x86_64-debian-gcc | 1.5-20 | 52.62 | 54.04 | 106.66 | OK | |
r-devel-linux-x86_64-fedora-clang | 1.5-20 | 319.69 | OK | |||
r-devel-linux-x86_64-fedora-gcc | 1.5-20 | 269.68 | OK | |||
r-devel-macos-arm64 | 1.5-20 | 64.00 | OK | |||
r-devel-macos-x86_64 | 1.5-20 | 119.00 | OK | |||
r-devel-windows-x86_64 | 1.5-20 | 94.00 | 124.00 | 218.00 | OK | |
r-patched-linux-x86_64 | 1.5-20 | 74.17 | 72.40 | 146.57 | OK | |
r-release-linux-x86_64 | 1.5-20 | 71.28 | 72.95 | 144.23 | OK | |
r-release-macos-arm64 | 1.5-20 | 80.00 | NOTE | |||
r-release-macos-x86_64 | 1.5-20 | 122.00 | NOTE | |||
r-release-windows-x86_64 | 1.5-20 | 95.00 | 133.00 | 228.00 | OK | |
r-oldrel-macos-arm64 | 1.5-20 | 88.00 | NOTE | |||
r-oldrel-macos-x86_64 | 1.5-20 | 122.00 | NOTE | |||
r-oldrel-windows-x86_64 | 1.5-20 | 105.00 | 136.00 | 241.00 | OK |
Version: 1.5-20
Check: installed package size
Result: NOTE
installed size is 6.1Mb
sub-directories of 1Mb or more:
libs 5.1Mb
Flavors: r-release-macos-arm64, r-release-macos-x86_64, r-oldrel-macos-arm64, r-oldrel-macos-x86_64