Last updated on 2025-02-20 14:50:53 CET.
Flavor | Version | Tinstall | Tcheck | Ttotal | Status | Flags |
---|---|---|---|---|---|---|
r-devel-linux-x86_64-debian-clang | 1.3.0 | 12.04 | 96.26 | 108.30 | NOTE | |
r-devel-linux-x86_64-debian-gcc | 1.3.0 | 8.63 | 68.37 | 77.00 | NOTE | |
r-devel-linux-x86_64-fedora-clang | 1.3.0 | 167.25 | NOTE | |||
r-devel-linux-x86_64-fedora-gcc | 1.3.0 | 160.28 | NOTE | |||
r-devel-macos-arm64 | 1.3.0 | 49.00 | NOTE | |||
r-devel-macos-x86_64 | 1.3.0 | 89.00 | NOTE | |||
r-devel-windows-x86_64 | 1.3.0 | 13.00 | 96.00 | 109.00 | NOTE | |
r-patched-linux-x86_64 | 1.3.0 | 11.95 | 90.23 | 102.18 | NOTE | |
r-release-linux-x86_64 | 1.3.0 | 11.75 | 87.49 | 99.24 | NOTE | |
r-release-macos-arm64 | 1.3.0 | 45.00 | NOTE | |||
r-release-macos-x86_64 | 1.3.0 | 67.00 | NOTE | |||
r-release-windows-x86_64 | 1.3.0 | 12.00 | 98.00 | 110.00 | NOTE | |
r-oldrel-macos-arm64 | 1.3.0 | 48.00 | OK | |||
r-oldrel-macos-x86_64 | 1.3.0 | 82.00 | OK | |||
r-oldrel-windows-x86_64 | 1.3.0 | 15.00 | 155.00 | 170.00 | OK |
Version: 1.3.0
Check: Rd files
Result: NOTE
checkRd: (-1) gestMultiple.Rd:80: Lost braces in \itemize; meant \describe ?
checkRd: (-1) gestMultiple.Rd:81-83: Lost braces in \itemize; meant \describe ?
checkRd: (-1) gestMultiple.Rd:84-86: Lost braces in \itemize; meant \describe ?
checkRd: (-1) gestMultiple.Rd:87-90: Lost braces in \itemize; meant \describe ?
checkRd: (-1) gestSingle.Rd:74: Lost braces in \itemize; meant \describe ?
checkRd: (-1) gestSingle.Rd:75-78: Lost braces in \itemize; meant \describe ?
checkRd: (-1) gestSingle.Rd:79-80: Lost braces in \itemize; meant \describe ?
checkRd: (-1) gestSingle.Rd:81-84: Lost braces in \itemize; meant \describe ?
Flavors: r-devel-linux-x86_64-debian-clang, r-devel-linux-x86_64-debian-gcc, r-devel-linux-x86_64-fedora-clang, r-devel-linux-x86_64-fedora-gcc, r-devel-macos-arm64, r-devel-macos-x86_64, r-devel-windows-x86_64, r-patched-linux-x86_64, r-release-linux-x86_64, r-release-macos-arm64, r-release-macos-x86_64, r-release-windows-x86_64