Last updated on 2025-02-20 14:50:53 CET.
Flavor | Version | Tinstall | Tcheck | Ttotal | Status | Flags |
---|---|---|---|---|---|---|
r-devel-linux-x86_64-debian-clang | 1.2.11 | 15.63 | 213.99 | 229.62 | NOTE | |
r-devel-linux-x86_64-debian-gcc | 1.2.11 | 11.38 | 140.32 | 151.70 | NOTE | |
r-devel-linux-x86_64-fedora-clang | 1.2.11 | 382.14 | OK | |||
r-devel-linux-x86_64-fedora-gcc | 1.2.11 | 349.00 | OK | |||
r-devel-macos-arm64 | 1.2.11 | 101.00 | OK | |||
r-devel-macos-x86_64 | 1.2.11 | 187.00 | OK | |||
r-devel-windows-x86_64 | 1.2.11 | 19.00 | 313.00 | 332.00 | NOTE | |
r-patched-linux-x86_64 | 1.2.11 | 23.90 | 188.40 | 212.30 | NOTE | |
r-release-linux-x86_64 | 1.2.11 | 14.48 | 184.89 | 199.37 | NOTE | |
r-release-macos-arm64 | 1.2.11 | 89.00 | NOTE | |||
r-release-macos-x86_64 | 1.2.11 | 138.00 | NOTE | |||
r-release-windows-x86_64 | 1.2.11 | 17.00 | 0.00 | 17.00 | FAIL | |
r-oldrel-macos-arm64 | 1.2.11 | 90.00 | NOTE | |||
r-oldrel-macos-x86_64 | 1.2.11 | 175.00 | NOTE | |||
r-oldrel-windows-x86_64 | 1.2.11 | 24.00 | 308.00 | 332.00 | NOTE |
Version: 1.2.11
Check: Rd cross-references
Result: NOTE
Found the following Rd file(s) with Rd \link{} targets missing package
anchors:
n_pages.Rd: facet_wrap_paginate
Please provide package anchors for all Rd \link{} targets not in the
package itself and the base packages.
Flavors: r-devel-linux-x86_64-debian-clang, r-devel-linux-x86_64-debian-gcc, r-devel-windows-x86_64
Version: 1.2.11
Check: package dependencies
Result: NOTE
Package suggested but not available for checking: ‘lixoftConnectors’
Flavors: r-patched-linux-x86_64, r-release-linux-x86_64, r-release-macos-arm64, r-release-macos-x86_64, r-release-windows-x86_64, r-oldrel-macos-arm64, r-oldrel-macos-x86_64, r-oldrel-windows-x86_64
Version: 1.2.11
Check: installed package size
Result: NOTE
installed size is 8.9Mb
sub-directories of 1Mb or more:
doc 1.1Mb
help 2.4Mb
testdata 4.8Mb
Flavors: r-release-macos-arm64, r-release-macos-x86_64, r-release-windows-x86_64, r-oldrel-macos-arm64, r-oldrel-macos-x86_64, r-oldrel-windows-x86_64
Version: 1.2.11
Check: re-building of vignette outputs
Result: FAIL
Check process probably crashed or hung up for 20 minutes ... killed
Most likely this happened in the example checks (?),
if not, ignore the following last lines of example output:
>
> flush(stderr()); flush(stdout())
>
> ### Name: theophylline
> ### Title: Creates pmx controller using theophylline data
> ### Aliases: theophylline
>
> ### ** Examples
>
> ## Not run:
> ##D theophylline()
> ## End(Not run)
>
>
>
> ### * <FOOTER>
> ###
> cleanEx()
> options(digits = 7L)
> base::cat("Time elapsed: ", proc.time() - base::get("ptime", pos = 'CheckExEnv'),"\n")
Time elapsed: 8.5 0.36 8.86 NA NA
> grDevices::dev.off()
null device
1
> ###
> ### Local variables: ***
> ### mode: outline-minor ***
> ### outline-regexp: "\\(> \\)?### [*]+" ***
> ### End: ***
> quit('no')
======== End of example output (where/before crash/hang up occured ?) ========
Flavor: r-release-windows-x86_64