CRAN Package Check Results for Package ggQQunif

Last updated on 2025-02-20 14:50:53 CET.

Flavor Version Tinstall Tcheck Ttotal Status Flags
r-devel-linux-x86_64-debian-clang 0.1.5 3.64 25.01 28.65 OK
r-devel-linux-x86_64-debian-gcc 0.1.5 2.61 19.67 22.28 OK
r-devel-linux-x86_64-fedora-clang 0.1.5 44.78 NOTE
r-devel-linux-x86_64-fedora-gcc 0.1.5 42.58 NOTE
r-devel-macos-arm64 0.1.5 24.00 OK
r-devel-macos-x86_64 0.1.5 31.00 OK
r-devel-windows-x86_64 0.1.5 5.00 56.00 61.00 OK
r-patched-linux-x86_64 0.1.5 3.19 24.21 27.40 NOTE
r-release-linux-x86_64 0.1.5 3.10 23.72 26.82 NOTE
r-release-macos-arm64 0.1.5 21.00 NOTE
r-release-macos-x86_64 0.1.5 27.00 NOTE
r-release-windows-x86_64 0.1.5 5.00 49.00 54.00 NOTE
r-oldrel-macos-arm64 0.1.5 20.00 NOTE
r-oldrel-macos-x86_64 0.1.5 27.00 NOTE
r-oldrel-windows-x86_64 0.1.5 6.00 53.00 59.00 NOTE

Check Details

Version: 0.1.5
Check: dependencies in R code
Result: NOTE Namespace in Imports field not imported from: ‘dplyr’ All declared Imports should be used. Flavors: r-devel-linux-x86_64-fedora-clang, r-devel-linux-x86_64-fedora-gcc

Version: 0.1.5
Check: LazyData
Result: NOTE 'LazyData' is specified without a 'data' directory Flavors: r-patched-linux-x86_64, r-release-linux-x86_64, r-release-macos-arm64, r-release-macos-x86_64, r-release-windows-x86_64, r-oldrel-macos-arm64, r-oldrel-macos-x86_64, r-oldrel-windows-x86_64