Last updated on 2024-05-21 14:57:12 CEST.
Flavor | Version | Tinstall | Tcheck | Ttotal | Status | Flags |
---|---|---|---|---|---|---|
r-devel-linux-x86_64-debian-clang | 0.1.5 | 6.90 | 55.10 | 62.00 | NOTE | |
r-devel-linux-x86_64-debian-gcc | 0.1.5 | 5.77 | 41.35 | 47.12 | NOTE | |
r-devel-linux-x86_64-fedora-clang | 0.1.5 | 79.93 | NOTE | |||
r-devel-linux-x86_64-fedora-gcc | 0.1.5 | 72.30 | NOTE | |||
r-devel-windows-x86_64 | 0.1.5 | 9.00 | 59.00 | 68.00 | NOTE | |
r-patched-linux-x86_64 | 0.1.5 | 5.51 | 53.07 | 58.58 | NOTE | |
r-release-linux-x86_64 | 0.1.5 | 7.31 | 51.79 | 59.10 | NOTE | |
r-release-macos-arm64 | 0.1.5 | 30.00 | NOTE | |||
r-release-windows-x86_64 | 0.1.5 | 9.00 | 58.00 | 67.00 | NOTE | |
r-oldrel-macos-arm64 | 0.1.5 | 31.00 | NOTE | |||
r-oldrel-macos-x86_64 | 0.1.5 | 51.00 | NOTE | |||
r-oldrel-windows-x86_64 | 0.1.5 | 9.00 | 65.00 | 74.00 | NOTE |
Version: 0.1.5
Check: LazyData
Result: NOTE
'LazyData' is specified without a 'data' directory
Flavors: r-devel-linux-x86_64-debian-clang, r-devel-linux-x86_64-debian-gcc, r-devel-linux-x86_64-fedora-clang, r-devel-linux-x86_64-fedora-gcc, r-devel-windows-x86_64, r-patched-linux-x86_64, r-release-linux-x86_64, r-release-macos-arm64, r-release-windows-x86_64, r-oldrel-macos-arm64, r-oldrel-macos-x86_64, r-oldrel-windows-x86_64