Last updated on 2025-02-20 14:50:53 CET.
Flavor | Version | Tinstall | Tcheck | Ttotal | Status | Flags |
---|---|---|---|---|---|---|
r-devel-linux-x86_64-debian-clang | 0.3.0 | 5.07 | 42.07 | 47.14 | NOTE | |
r-devel-linux-x86_64-debian-gcc | 0.3.0 | 4.16 | 31.56 | 35.72 | NOTE | |
r-devel-linux-x86_64-fedora-clang | 0.3.0 | 74.08 | OK | |||
r-devel-linux-x86_64-fedora-gcc | 0.3.0 | 70.12 | OK | |||
r-devel-macos-arm64 | 0.3.0 | 25.00 | OK | |||
r-devel-macos-x86_64 | 0.3.0 | 43.00 | OK | |||
r-devel-windows-x86_64 | 0.3.0 | 7.00 | 65.00 | 72.00 | NOTE | |
r-patched-linux-x86_64 | 0.3.0 | 8.94 | 39.52 | 48.46 | OK | |
r-release-linux-x86_64 | 0.3.0 | 4.68 | 38.55 | 43.23 | OK | |
r-release-macos-arm64 | 0.3.0 | 24.00 | OK | |||
r-release-macos-x86_64 | 0.3.0 | 35.00 | OK | |||
r-release-windows-x86_64 | 0.3.0 | 7.00 | 58.00 | 65.00 | OK | |
r-oldrel-macos-arm64 | 0.3.0 | 29.00 | OK | |||
r-oldrel-macos-x86_64 | 0.3.0 | 42.00 | OK | |||
r-oldrel-windows-x86_64 | 0.3.0 | 8.00 | 94.00 | 102.00 | OK |
Version: 0.3.0
Check: Rd cross-references
Result: NOTE
Found the following Rd file(s) with Rd \link{} targets missing package
anchors:
brick.Rd: aes, ggplot, fortify, borders
waffle.Rd: aes, ggplot, fortify, borders
Please provide package anchors for all Rd \link{} targets not in the
package itself and the base packages.
Flavors: r-devel-linux-x86_64-debian-clang, r-devel-linux-x86_64-debian-gcc, r-devel-windows-x86_64