Last updated on 2025-02-21 02:52:12 CET.
Flavor | Version | Tinstall | Tcheck | Ttotal | Status | Flags |
---|---|---|---|---|---|---|
r-devel-linux-x86_64-debian-clang | 0.1.0 | 4.41 | 42.30 | 46.71 | OK | |
r-devel-linux-x86_64-debian-gcc | 0.1.0 | 3.39 | 31.05 | 34.44 | OK | |
r-devel-linux-x86_64-fedora-clang | 0.1.0 | 72.63 | OK | |||
r-devel-linux-x86_64-fedora-gcc | 0.1.0 | 69.91 | OK | |||
r-devel-macos-arm64 | 0.1.0 | 32.00 | OK | |||
r-devel-macos-x86_64 | 0.1.0 | 44.00 | OK | |||
r-devel-windows-x86_64 | 0.1.0 | 5.00 | 66.00 | 71.00 | OK | |
r-patched-linux-x86_64 | 0.1.0 | 4.47 | 39.82 | 44.29 | NOTE | |
r-release-linux-x86_64 | 0.1.0 | 3.90 | 39.56 | 43.46 | NOTE | |
r-release-macos-arm64 | 0.1.0 | 26.00 | NOTE | |||
r-release-macos-x86_64 | 0.1.0 | 37.00 | NOTE | |||
r-release-windows-x86_64 | 0.1.0 | 6.00 | 64.00 | 70.00 | NOTE | |
r-oldrel-macos-arm64 | 0.1.0 | 26.00 | NOTE | |||
r-oldrel-macos-x86_64 | 0.1.0 | 37.00 | NOTE | |||
r-oldrel-windows-x86_64 | 0.1.0 | 7.00 | 97.00 | 104.00 | NOTE |
Version: 0.1.0
Check: LazyData
Result: NOTE
'LazyData' is specified without a 'data' directory
Flavors: r-patched-linux-x86_64, r-release-linux-x86_64, r-release-macos-arm64, r-release-macos-x86_64, r-release-windows-x86_64, r-oldrel-macos-arm64, r-oldrel-macos-x86_64, r-oldrel-windows-x86_64