Last updated on 2025-02-18 02:50:37 CET.
Flavor | Version | Tinstall | Tcheck | Ttotal | Status | Flags |
---|---|---|---|---|---|---|
r-devel-linux-x86_64-debian-clang | 0.4.2 | 71.15 | 132.83 | 203.98 | OK | |
r-devel-linux-x86_64-debian-gcc | 0.4.2 | 54.86 | 92.03 | 146.89 | OK | |
r-devel-linux-x86_64-fedora-clang | 0.4.2 | 375.02 | OK | |||
r-devel-linux-x86_64-fedora-gcc | 0.4.2 | 347.16 | OK | |||
r-devel-macos-arm64 | 0.4.2 | 86.00 | OK | |||
r-devel-macos-x86_64 | 0.4.2 | 176.00 | OK | |||
r-devel-windows-x86_64 | 0.4.2 | 76.00 | 165.00 | 241.00 | OK | |
r-patched-linux-x86_64 | 0.4.2 | 74.91 | 125.72 | 200.63 | OK | |
r-release-linux-x86_64 | 0.4.2 | 74.37 | 126.37 | 200.74 | OK | |
r-release-macos-arm64 | 0.4.2 | 87.00 | NOTE | |||
r-release-macos-x86_64 | 0.4.2 | 134.00 | NOTE | |||
r-release-windows-x86_64 | 0.4.2 | 77.00 | 171.00 | 248.00 | OK | |
r-oldrel-macos-arm64 | 0.4.2 | 90.00 | NOTE | |||
r-oldrel-macos-x86_64 | 0.4.2 | 193.00 | NOTE | |||
r-oldrel-windows-x86_64 | 0.4.2 | 92.00 | 202.00 | 294.00 | OK |
Version: 0.4.2
Check: installed package size
Result: NOTE
installed size is 22.3Mb
sub-directories of 1Mb or more:
help 1.2Mb
libs 20.4Mb
Flavors: r-release-macos-arm64, r-release-macos-x86_64, r-oldrel-macos-arm64, r-oldrel-macos-x86_64