Last updated on 2025-02-21 02:52:12 CET.
Flavor | Version | Tinstall | Tcheck | Ttotal | Status | Flags |
---|---|---|---|---|---|---|
r-devel-linux-x86_64-debian-clang | 1.1.2 | 4.84 | 40.98 | 45.82 | OK | |
r-devel-linux-x86_64-debian-gcc | 1.1.2 | 3.46 | 30.20 | 33.66 | OK | |
r-devel-linux-x86_64-fedora-clang | 1.1.2 | 71.78 | OK | |||
r-devel-linux-x86_64-fedora-gcc | 1.1.2 | 67.07 | OK | |||
r-devel-macos-arm64 | 1.1.2 | 26.00 | OK | |||
r-devel-macos-x86_64 | 1.1.2 | 53.00 | OK | |||
r-devel-windows-x86_64 | 1.1.2 | 6.00 | 64.00 | 70.00 | OK | |
r-patched-linux-x86_64 | 1.1.2 | 3.99 | 37.36 | 41.35 | NOTE | |
r-release-linux-x86_64 | 1.1.2 | 4.25 | 37.64 | 41.89 | NOTE | |
r-release-macos-arm64 | 1.1.2 | 25.00 | NOTE | |||
r-release-macos-x86_64 | 1.1.2 | 36.00 | NOTE | |||
r-release-windows-x86_64 | 1.1.2 | 6.00 | 57.00 | 63.00 | NOTE | |
r-oldrel-macos-arm64 | 1.1.2 | 25.00 | NOTE | |||
r-oldrel-macos-x86_64 | 1.1.2 | 39.00 | NOTE | |||
r-oldrel-windows-x86_64 | 1.1.2 | 8.00 | 62.00 | 70.00 | NOTE |
Version: 1.1.2
Check: LazyData
Result: NOTE
'LazyData' is specified without a 'data' directory
Flavors: r-patched-linux-x86_64, r-release-linux-x86_64, r-release-macos-arm64, r-release-macos-x86_64, r-release-windows-x86_64, r-oldrel-macos-arm64, r-oldrel-macos-x86_64, r-oldrel-windows-x86_64