Last updated on 2025-02-21 02:52:12 CET.
Flavor | Version | Tinstall | Tcheck | Ttotal | Status | Flags |
---|---|---|---|---|---|---|
r-devel-linux-x86_64-debian-clang | 0.1.3 | 5.13 | 44.12 | 49.25 | OK | |
r-devel-linux-x86_64-debian-gcc | 0.1.3 | 3.52 | 31.81 | 35.33 | OK | |
r-devel-linux-x86_64-fedora-clang | 0.1.3 | 75.69 | NOTE | |||
r-devel-linux-x86_64-fedora-gcc | 0.1.3 | 72.93 | NOTE | |||
r-devel-macos-arm64 | 0.1.3 | 25.00 | OK | |||
r-devel-macos-x86_64 | 0.1.3 | 48.00 | OK | |||
r-devel-windows-x86_64 | 0.1.3 | 7.00 | 63.00 | 70.00 | OK | |
r-patched-linux-x86_64 | 0.1.3 | 4.81 | 41.33 | 46.14 | OK | |
r-release-linux-x86_64 | 0.1.3 | 4.05 | 39.98 | 44.03 | OK | |
r-release-macos-arm64 | 0.1.3 | 26.00 | OK | |||
r-release-macos-x86_64 | 0.1.3 | 38.00 | OK | |||
r-release-windows-x86_64 | 0.1.3 | 8.00 | 62.00 | 70.00 | OK | |
r-oldrel-macos-arm64 | 0.1.3 | 26.00 | OK | |||
r-oldrel-macos-x86_64 | 0.1.3 | 40.00 | OK | |||
r-oldrel-windows-x86_64 | 0.1.3 | 9.00 | 67.00 | 76.00 | OK |
Version: 0.1.3
Check: dependencies in R code
Result: NOTE
Namespace in Imports field not imported from: ‘utils’
All declared Imports should be used.
Flavors: r-devel-linux-x86_64-fedora-clang, r-devel-linux-x86_64-fedora-gcc