Last updated on 2025-02-21 02:52:12 CET.
Flavor | Version | Tinstall | Tcheck | Ttotal | Status | Flags |
---|---|---|---|---|---|---|
r-devel-linux-x86_64-debian-clang | 0.8.12 | 67.66 | 166.12 | 233.78 | OK | |
r-devel-linux-x86_64-debian-gcc | 0.8.12 | 47.07 | 111.46 | 158.53 | OK | |
r-devel-linux-x86_64-fedora-clang | 0.8.12 | 404.22 | OK | |||
r-devel-linux-x86_64-fedora-gcc | 0.8.12 | 396.17 | OK | |||
r-devel-macos-arm64 | 0.8.12 | 110.00 | OK | |||
r-devel-macos-x86_64 | 0.8.12 | 225.00 | OK | |||
r-devel-windows-x86_64 | 0.8.12 | 85.00 | 198.00 | 283.00 | OK | |
r-patched-linux-x86_64 | 0.8.12 | 66.00 | 153.61 | 219.61 | OK | |
r-release-linux-x86_64 | 0.8.12 | 63.91 | 153.10 | 217.01 | OK | |
r-release-macos-arm64 | 0.8.12 | 132.00 | NOTE | |||
r-release-macos-x86_64 | 0.8.12 | 196.00 | NOTE | |||
r-release-windows-x86_64 | 0.8.12 | 85.00 | 196.00 | 281.00 | OK | |
r-oldrel-macos-arm64 | 0.8.12 | 110.00 | NOTE | |||
r-oldrel-macos-x86_64 | 0.8.12 | 210.00 | NOTE | |||
r-oldrel-windows-x86_64 | 0.8.12 | 136.00 | 247.00 | 383.00 | OK |
Version: 0.8.12
Check: installed package size
Result: NOTE
installed size is 6.3Mb
sub-directories of 1Mb or more:
libs 4.2Mb
Flavors: r-release-macos-arm64, r-release-macos-x86_64, r-oldrel-macos-arm64, r-oldrel-macos-x86_64