Last updated on 2025-02-18 02:50:37 CET.
Flavor | Version | Tinstall | Tcheck | Ttotal | Status | Flags |
---|---|---|---|---|---|---|
r-devel-linux-x86_64-debian-clang | 0.6.0 | 1.44 | 33.41 | 34.85 | NOTE | |
r-devel-linux-x86_64-debian-gcc | 0.6.0 | 1.41 | 27.50 | 28.91 | NOTE | |
r-devel-linux-x86_64-fedora-clang | 0.6.0 | 56.56 | NOTE | |||
r-devel-linux-x86_64-fedora-gcc | 0.6.0 | 58.49 | NOTE | |||
r-devel-macos-arm64 | 0.6.0 | 35.00 | OK | |||
r-devel-macos-x86_64 | 0.6.0 | 46.00 | NOTE | |||
r-devel-windows-x86_64 | 0.6.0 | 3.00 | 57.00 | 60.00 | NOTE | |
r-patched-linux-x86_64 | 0.6.0 | 1.80 | 33.04 | 34.84 | OK | |
r-release-linux-x86_64 | 0.6.0 | 1.75 | 32.34 | 34.09 | OK | |
r-release-macos-arm64 | 0.6.0 | 31.00 | OK | |||
r-release-macos-x86_64 | 0.6.0 | 44.00 | OK | |||
r-release-windows-x86_64 | 0.6.0 | 5.00 | 58.00 | 63.00 | OK | |
r-oldrel-macos-arm64 | 0.6.0 | 42.00 | OK | |||
r-oldrel-macos-x86_64 | 0.6.0 | 55.00 | OK | |||
r-oldrel-windows-x86_64 | 0.6.0 | 5.00 | 129.00 | 134.00 | OK |
Version: 0.6.0
Check: DESCRIPTION meta-information
Result: NOTE
Missing dependency on R >= 4.1.0 because package code uses the pipe
|> or function shorthand \(...) syntax added in R 4.1.0.
File(s) using such syntax:
‘ggmugs.R’
Flavors: r-devel-linux-x86_64-debian-clang, r-devel-linux-x86_64-debian-gcc, r-devel-linux-x86_64-fedora-clang, r-devel-linux-x86_64-fedora-gcc, r-devel-macos-x86_64, r-devel-windows-x86_64