Last updated on 2025-05-17 02:53:22 CEST.
Flavor | Version | Tinstall | Tcheck | Ttotal | Status | Flags |
---|---|---|---|---|---|---|
r-devel-linux-x86_64-debian-clang | 1.0.0 | 8.12 | 59.27 | 67.39 | OK | |
r-devel-linux-x86_64-debian-gcc | 1.0.0 | 5.28 | 41.42 | 46.70 | OK | |
r-devel-linux-x86_64-fedora-clang | 1.0.0 | 100.21 | OK | |||
r-devel-linux-x86_64-fedora-gcc | 1.0.0 | 103.03 | OK | |||
r-devel-windows-x86_64 | 1.0.0 | 10.00 | 68.00 | 78.00 | OK | |
r-patched-linux-x86_64 | 1.0.0 | 7.26 | 52.66 | 59.92 | OK | |
r-release-linux-x86_64 | 1.0.0 | 7.54 | 53.81 | 61.35 | OK | |
r-release-macos-arm64 | 1.0.0 | 29.00 | OK | |||
r-release-macos-x86_64 | 1.0.0 | 51.00 | OK | |||
r-release-windows-x86_64 | 1.0.0 | 10.00 | 68.00 | 78.00 | OK | |
r-oldrel-macos-arm64 | 1.0.0 | 26.00 | NOTE | |||
r-oldrel-macos-x86_64 | 1.0.0 | 43.00 | NOTE | |||
r-oldrel-windows-x86_64 | 1.0.0 | 11.00 | 83.00 | 94.00 | NOTE |
Version: 1.0.0
Check: LazyData
Result: NOTE
'LazyData' is specified without a 'data' directory
Flavors: r-oldrel-macos-arm64, r-oldrel-macos-x86_64, r-oldrel-windows-x86_64