Last updated on 2025-02-21 02:52:12 CET.
Flavor | Version | Tinstall | Tcheck | Ttotal | Status | Flags |
---|---|---|---|---|---|---|
r-devel-linux-x86_64-debian-clang | 0.0.7 | 8.18 | 46.87 | 55.05 | OK | |
r-devel-linux-x86_64-debian-gcc | 0.0.7 | 5.70 | 34.80 | 40.50 | OK | |
r-devel-linux-x86_64-fedora-clang | 0.0.7 | 87.68 | NOTE | |||
r-devel-linux-x86_64-fedora-gcc | 0.0.7 | 80.95 | NOTE | |||
r-devel-macos-arm64 | 0.0.7 | 27.00 | OK | |||
r-devel-macos-x86_64 | 0.0.7 | 51.00 | OK | |||
r-devel-windows-x86_64 | 0.0.7 | 9.00 | 63.00 | 72.00 | OK | |
r-patched-linux-x86_64 | 0.0.7 | 8.01 | 42.58 | 50.59 | NOTE | |
r-release-linux-x86_64 | 0.0.7 | 6.34 | 42.88 | 49.22 | NOTE | |
r-release-macos-arm64 | 0.0.7 | 28.00 | NOTE | |||
r-release-macos-x86_64 | 0.0.7 | 40.00 | NOTE | |||
r-release-windows-x86_64 | 0.0.7 | 9.00 | 64.00 | 73.00 | NOTE | |
r-oldrel-macos-arm64 | 0.0.7 | 28.00 | NOTE | |||
r-oldrel-macos-x86_64 | 0.0.7 | 44.00 | NOTE | |||
r-oldrel-windows-x86_64 | 0.0.7 | 11.00 | 69.00 | 80.00 | NOTE |
Version: 0.0.7
Check: dependencies in R code
Result: NOTE
Namespaces in Imports field not imported from:
‘dplyr’ ‘grDevices’
All declared Imports should be used.
Flavors: r-devel-linux-x86_64-fedora-clang, r-devel-linux-x86_64-fedora-gcc
Version: 0.0.7
Check: LazyData
Result: NOTE
'LazyData' is specified without a 'data' directory
Flavors: r-patched-linux-x86_64, r-release-linux-x86_64, r-release-macos-arm64, r-release-macos-x86_64, r-release-windows-x86_64, r-oldrel-macos-arm64, r-oldrel-macos-x86_64, r-oldrel-windows-x86_64