Last updated on 2025-02-20 14:50:53 CET.
Flavor | Version | Tinstall | Tcheck | Ttotal | Status | Flags |
---|---|---|---|---|---|---|
r-devel-linux-x86_64-debian-clang | 1.1.0 | 29.92 | 217.25 | 247.17 | OK | |
r-devel-linux-x86_64-debian-gcc | 1.1.0 | 18.09 | 145.66 | 163.75 | OK | |
r-devel-linux-x86_64-fedora-clang | 1.1.0 | 391.95 | NOTE | |||
r-devel-linux-x86_64-fedora-gcc | 1.1.0 | 392.92 | NOTE | |||
r-devel-macos-arm64 | 1.1.0 | 109.00 | OK | |||
r-devel-macos-x86_64 | 1.1.0 | 254.00 | OK | |||
r-devel-windows-x86_64 | 1.1.0 | 28.00 | 328.00 | 356.00 | OK | |
r-patched-linux-x86_64 | 1.1.0 | 28.51 | 193.18 | 221.69 | OK | |
r-release-linux-x86_64 | 1.1.0 | 28.94 | 191.88 | 220.82 | OK | |
r-release-macos-arm64 | 1.1.0 | 100.00 | OK | |||
r-release-macos-x86_64 | 1.1.0 | 167.00 | OK | |||
r-release-windows-x86_64 | 1.1.0 | 28.00 | 308.00 | 336.00 | OK | |
r-oldrel-macos-arm64 | 1.1.0 | 119.00 | OK | |||
r-oldrel-macos-x86_64 | 1.1.0 | 179.00 | OK | |||
r-oldrel-windows-x86_64 | 1.1.0 | 36.00 | 282.00 | 318.00 | OK |
Version: 1.1.0
Check: dependencies in R code
Result: NOTE
Namespace in Imports field not imported from: ‘methods’
All declared Imports should be used.
Flavors: r-devel-linux-x86_64-fedora-clang, r-devel-linux-x86_64-fedora-gcc