Last updated on 2025-05-18 02:49:37 CEST.
Flavor | Version | Tinstall | Tcheck | Ttotal | Status | Flags |
---|---|---|---|---|---|---|
r-devel-linux-x86_64-debian-clang | 1.1.0 | 32.57 | 216.26 | 248.83 | NOTE | |
r-devel-linux-x86_64-debian-gcc | 1.1.0 | 17.44 | 148.73 | 166.17 | NOTE | |
r-devel-linux-x86_64-fedora-clang | 1.1.0 | 398.23 | NOTE | |||
r-devel-linux-x86_64-fedora-gcc | 1.1.0 | 429.92 | NOTE | |||
r-devel-windows-x86_64 | 1.1.0 | 29.00 | 234.00 | 263.00 | OK | |
r-patched-linux-x86_64 | 1.1.0 | 28.00 | 193.47 | 221.47 | OK | |
r-release-linux-x86_64 | 1.1.0 | 26.31 | 202.47 | 228.78 | OK | |
r-release-macos-arm64 | 1.1.0 | 178.00 | OK | |||
r-release-macos-x86_64 | 1.1.0 | 215.00 | OK | |||
r-release-windows-x86_64 | 1.1.0 | 28.00 | 324.00 | 352.00 | OK | |
r-oldrel-macos-arm64 | 1.1.0 | 100.00 | OK | |||
r-oldrel-macos-x86_64 | 1.1.0 | 167.00 | OK | |||
r-oldrel-windows-x86_64 | 1.1.0 | 39.00 | 287.00 | 326.00 | OK |
Version: 1.1.0
Check: CRAN incoming feasibility
Result: NOTE
Maintainer: ‘Giona Casiraghi <giona@ethz.ch>’
The Description field contains
Schweitzer, F. (2016) <arXiv:1607.02441>. Casiraghi, G., Nanumyan, V.,
Casiraghi, G., (2017) <arXiv:1702.02048> Brandenberger, L., Casiraghi,
Please refer to arXiv e-prints via their arXiv DOI <doi:10.48550/arXiv.YYMM.NNNNN>.
Flavors: r-devel-linux-x86_64-debian-clang, r-devel-linux-x86_64-debian-gcc
Version: 1.1.0
Check: dependencies in R code
Result: NOTE
Namespace in Imports field not imported from: ‘methods’
All declared Imports should be used.
Flavors: r-devel-linux-x86_64-fedora-clang, r-devel-linux-x86_64-fedora-gcc