Last updated on 2025-02-21 02:52:12 CET.
Flavor | Version | Tinstall | Tcheck | Ttotal | Status | Flags |
---|---|---|---|---|---|---|
r-devel-linux-x86_64-debian-clang | 0.8.0 | 3.31 | 50.49 | 53.80 | OK | |
r-devel-linux-x86_64-debian-gcc | 0.8.0 | 2.19 | 39.76 | 41.95 | OK | |
r-devel-linux-x86_64-fedora-clang | 0.8.0 | 82.97 | OK | |||
r-devel-linux-x86_64-fedora-gcc | 0.8.0 | 95.41 | OK | |||
r-devel-macos-arm64 | 0.8.0 | 50.00 | OK | |||
r-devel-macos-x86_64 | 0.8.0 | 75.00 | OK | |||
r-devel-windows-x86_64 | 0.8.0 | 5.00 | 164.00 | 169.00 | OK | |
r-patched-linux-x86_64 | 0.8.0 | 2.63 | 49.02 | 51.65 | NOTE | |
r-release-linux-x86_64 | 0.8.0 | 2.84 | 48.94 | 51.78 | NOTE | |
r-release-macos-arm64 | 0.8.0 | 50.00 | NOTE | |||
r-release-macos-x86_64 | 0.8.0 | 65.00 | NOTE | |||
r-release-windows-x86_64 | 0.8.0 | 5.00 | 172.00 | 177.00 | NOTE | |
r-oldrel-macos-arm64 | 0.8.0 | 45.00 | NOTE | |||
r-oldrel-macos-x86_64 | 0.8.0 | 60.00 | NOTE | |||
r-oldrel-windows-x86_64 | 0.8.0 | 5.00 | 179.00 | 184.00 | NOTE |
Version: 0.8.0
Check: LazyData
Result: NOTE
'LazyData' is specified without a 'data' directory
Flavors: r-patched-linux-x86_64, r-release-linux-x86_64, r-release-macos-arm64, r-release-macos-x86_64, r-release-windows-x86_64, r-oldrel-macos-arm64, r-oldrel-macos-x86_64, r-oldrel-windows-x86_64