CRAN Package Check Results for Package githubinstall

Last updated on 2025-02-21 02:52:12 CET.

Flavor Version Tinstall Tcheck Ttotal Status Flags
r-devel-linux-x86_64-debian-clang 0.2.2 7.99 72.54 80.53 NOTE
r-devel-linux-x86_64-debian-gcc 0.2.2 4.86 47.84 52.70 NOTE
r-devel-linux-x86_64-fedora-clang 0.2.2 127.02 NOTE
r-devel-linux-x86_64-fedora-gcc 0.2.2 129.28 NOTE
r-devel-macos-arm64 0.2.2 40.00 OK
r-devel-macos-x86_64 0.2.2 90.00 OK
r-devel-windows-x86_64 0.2.2 10.00 100.00 110.00 NOTE
r-patched-linux-x86_64 0.2.2 12.55 65.58 78.13 OK
r-release-linux-x86_64 0.2.2 6.69 64.98 71.67 OK
r-release-macos-arm64 0.2.2 41.00 OK
r-release-macos-x86_64 0.2.2 63.00 OK
r-release-windows-x86_64 0.2.2 9.00 92.00 101.00 OK
r-oldrel-macos-arm64 0.2.2 44.00 OK
r-oldrel-macos-x86_64 0.2.2 75.00 OK
r-oldrel-windows-x86_64 0.2.2 11.00 96.00 107.00 OK

Check Details

Version: 0.2.2
Check: Rd cross-references
Result: NOTE Found the following Rd file(s) with Rd \link{} targets missing package anchors: gh_install_packages.Rd: install_github Please provide package anchors for all Rd \link{} targets not in the package itself and the base packages. Flavors: r-devel-linux-x86_64-debian-clang, r-devel-linux-x86_64-debian-gcc, r-devel-windows-x86_64

Version: 0.2.2
Check: dependencies in R code
Result: NOTE Namespace in Imports field not imported from: ‘mockery’ All declared Imports should be used. Flavors: r-devel-linux-x86_64-fedora-clang, r-devel-linux-x86_64-fedora-gcc