Last updated on 2025-02-21 02:52:12 CET.
Flavor | Version | Tinstall | Tcheck | Ttotal | Status | Flags |
---|---|---|---|---|---|---|
r-devel-linux-x86_64-debian-clang | 0.83.0 | 49.03 | 40.20 | 89.23 | OK | |
r-devel-linux-x86_64-debian-gcc | 0.83.0 | 31.54 | 22.19 | 53.73 | OK | |
r-devel-linux-x86_64-fedora-clang | 0.83.0 | 199.66 | OK | |||
r-devel-linux-x86_64-fedora-gcc | 0.83.0 | 158.37 | OK | |||
r-devel-macos-arm64 | 0.83.0 | 36.00 | OK | |||
r-devel-macos-x86_64 | 0.83.0 | 49.00 | OK | |||
r-devel-windows-x86_64 | 0.83.0 | 62.00 | 72.00 | 134.00 | OK | |
r-patched-linux-x86_64 | 0.83.0 | 41.67 | 38.65 | 80.32 | OK | |
r-release-linux-x86_64 | 0.83.0 | 42.24 | 36.58 | 78.82 | OK | |
r-release-macos-arm64 | 0.83.0 | 39.00 | NOTE | |||
r-release-macos-x86_64 | 0.83.0 | 50.00 | NOTE | |||
r-release-windows-x86_64 | 0.83.0 | 63.00 | 77.00 | 140.00 | OK | |
r-oldrel-macos-arm64 | 0.83.0 | 40.00 | NOTE | |||
r-oldrel-macos-x86_64 | 0.83.0 | 67.00 | NOTE | |||
r-oldrel-windows-x86_64 | 0.83.0 | 72.00 | 110.00 | 182.00 | NOTE |
Version: 0.83.0
Check: package dependencies
Result: NOTE
Packages suggested but not available for checking:
'BSgenome.Hsapiens.UCSC.hg18.masked',
'BSgenome.Hsapiens.UCSC.hg19.masked'
Flavors: r-release-macos-arm64, r-release-macos-x86_64, r-oldrel-macos-arm64, r-oldrel-macos-x86_64, r-oldrel-windows-x86_64