Last updated on 2025-02-21 02:52:12 CET.
Flavor | Version | Tinstall | Tcheck | Ttotal | Status | Flags |
---|---|---|---|---|---|---|
r-devel-linux-x86_64-debian-clang | 1.6-0 | 4.99 | 89.58 | 94.57 | NOTE | |
r-devel-linux-x86_64-debian-gcc | 1.6-0 | 3.72 | 57.36 | 61.08 | NOTE | |
r-devel-linux-x86_64-fedora-clang | 1.6-0 | 151.82 | NOTE | |||
r-devel-linux-x86_64-fedora-gcc | 1.6-0 | 158.07 | NOTE | |||
r-devel-macos-arm64 | 1.6-0 | 44.00 | NOTE | |||
r-devel-macos-x86_64 | 1.6-0 | 94.00 | NOTE | |||
r-devel-windows-x86_64 | 1.6-0 | 7.00 | 129.00 | 136.00 | NOTE | |
r-patched-linux-x86_64 | 1.6-0 | 5.32 | 81.17 | 86.49 | NOTE | |
r-release-linux-x86_64 | 1.6-0 | 5.02 | 80.37 | 85.39 | NOTE | |
r-release-macos-arm64 | 1.6-0 | 45.00 | NOTE | |||
r-release-macos-x86_64 | 1.6-0 | 171.00 | NOTE | |||
r-release-windows-x86_64 | 1.6-0 | 7.00 | 127.00 | 134.00 | NOTE | |
r-oldrel-macos-arm64 | 1.6-0 | 51.00 | NOTE | |||
r-oldrel-macos-x86_64 | 1.6-0 | 79.00 | NOTE | |||
r-oldrel-windows-x86_64 | 1.6-0 | 7.00 | 152.00 | 159.00 | NOTE |
Version: 1.6-0
Check: Rd files
Result: NOTE
checkRd: (-1) randPIT.Rd:52: Escaped LaTeX specials: \&
Flavors: r-devel-linux-x86_64-debian-clang, r-devel-linux-x86_64-debian-gcc, r-devel-linux-x86_64-fedora-clang, r-devel-linux-x86_64-fedora-gcc, r-devel-macos-arm64, r-devel-macos-x86_64, r-devel-windows-x86_64, r-patched-linux-x86_64, r-release-linux-x86_64, r-release-macos-arm64, r-release-macos-x86_64, r-release-windows-x86_64, r-oldrel-macos-arm64, r-oldrel-macos-x86_64, r-oldrel-windows-x86_64
Version: 1.6-0
Check: Rd cross-references
Result: NOTE
Found the following Rd file(s) with Rd \link{} targets missing package
anchors:
initial.Rd: glm.nb
Please provide package anchors for all Rd \link{} targets not in the
package itself and the base packages.
Flavors: r-devel-linux-x86_64-debian-clang, r-devel-linux-x86_64-debian-gcc, r-devel-windows-x86_64