Last updated on 2025-02-18 02:50:37 CET.
Flavor | Version | Tinstall | Tcheck | Ttotal | Status | Flags |
---|---|---|---|---|---|---|
r-devel-linux-x86_64-debian-clang | 1.5.4.8 | 428.03 | 188.54 | 616.57 | OK | |
r-devel-linux-x86_64-debian-gcc | 1.5.4.8 | 378.78 | 156.53 | 535.31 | OK | |
r-devel-linux-x86_64-fedora-clang | 1.5.4.8 | 1047.88 | NOTE | |||
r-devel-linux-x86_64-fedora-gcc | 1.5.4.8 | 1271.77 | NOTE | |||
r-devel-macos-arm64 | 1.5.4.8 | 235.00 | OK | |||
r-devel-macos-x86_64 | 1.5.4.8 | 302.00 | OK | |||
r-devel-windows-x86_64 | 1.5.4.8 | 436.00 | 214.00 | 650.00 | OK | |
r-patched-linux-x86_64 | 1.5.4.8 | 509.27 | 208.31 | 717.58 | NOTE | |
r-release-linux-x86_64 | 1.5.4.8 | 489.71 | 205.85 | 695.56 | NOTE | |
r-release-macos-arm64 | 1.5.4.8 | 131.00 | NOTE | |||
r-release-macos-x86_64 | 1.5.4.8 | 148.00 | NOTE | |||
r-release-windows-x86_64 | 1.5.4.8 | 432.00 | 207.00 | 639.00 | NOTE | |
r-oldrel-macos-arm64 | 1.5.4.8 | 263.00 | NOTE | |||
r-oldrel-macos-x86_64 | 1.5.4.8 | 333.00 | NOTE | |||
r-oldrel-windows-x86_64 | 1.5.4.8 | 573.00 | 275.00 | 848.00 | NOTE |
Version: 1.5.4.8
Check: dependencies in R code
Result: NOTE
Namespace in Imports field not imported from: ‘rstantools’
All declared Imports should be used.
Flavors: r-devel-linux-x86_64-fedora-clang, r-devel-linux-x86_64-fedora-gcc
Version: 1.5.4.8
Check: for GNU extensions in Makefiles
Result: NOTE
GNU make is a SystemRequirements.
Flavors: r-patched-linux-x86_64, r-release-linux-x86_64, r-release-macos-arm64, r-release-macos-x86_64, r-release-windows-x86_64, r-oldrel-macos-arm64, r-oldrel-macos-x86_64, r-oldrel-windows-x86_64
Version: 1.5.4.8
Check: installed package size
Result: NOTE
installed size is 67.4Mb
sub-directories of 1Mb or more:
libs 66.2Mb
Flavors: r-release-macos-arm64, r-release-macos-x86_64, r-oldrel-macos-arm64, r-oldrel-macos-x86_64