Last updated on 2025-02-21 02:52:12 CET.
Flavor | Version | Tinstall | Tcheck | Ttotal | Status | Flags |
---|---|---|---|---|---|---|
r-devel-linux-x86_64-debian-clang | 0.8.0 | 4.98 | 62.43 | 67.41 | OK | |
r-devel-linux-x86_64-debian-gcc | 0.8.0 | 3.68 | 44.34 | 48.02 | OK | |
r-devel-linux-x86_64-fedora-clang | 0.8.0 | 104.36 | NOTE | |||
r-devel-linux-x86_64-fedora-gcc | 0.8.0 | 117.18 | NOTE | |||
r-devel-macos-arm64 | 0.8.0 | 49.00 | OK | |||
r-devel-macos-x86_64 | 0.8.0 | 82.00 | OK | |||
r-devel-windows-x86_64 | 0.8.0 | 8.00 | 83.00 | 91.00 | OK | |
r-patched-linux-x86_64 | 0.8.0 | 5.76 | 59.02 | 64.78 | OK | |
r-release-linux-x86_64 | 0.8.0 | 5.41 | 57.54 | 62.95 | OK | |
r-release-macos-arm64 | 0.8.0 | 43.00 | OK | |||
r-release-macos-x86_64 | 0.8.0 | 61.00 | OK | |||
r-release-windows-x86_64 | 0.8.0 | 9.00 | 83.00 | 92.00 | OK | |
r-oldrel-macos-arm64 | 0.8.0 | 48.00 | OK | |||
r-oldrel-macos-x86_64 | 0.8.0 | 97.00 | OK | |||
r-oldrel-windows-x86_64 | 0.8.0 | 9.00 | 85.00 | 94.00 | OK |
Version: 0.8.0
Check: dependencies in R code
Result: NOTE
Namespace in Imports field not imported from: ‘rlang’
All declared Imports should be used.
Flavors: r-devel-linux-x86_64-fedora-clang, r-devel-linux-x86_64-fedora-gcc