Last updated on 2025-05-10 02:49:44 CEST.
Flavor | Version | Tinstall | Tcheck | Ttotal | Status | Flags |
---|---|---|---|---|---|---|
r-devel-linux-x86_64-debian-clang | 1.0.1 | 2.09 | 40.73 | 42.82 | NOTE | |
r-devel-linux-x86_64-debian-gcc | 1.0.1 | 1.67 | 29.16 | 30.83 | NOTE | |
r-devel-linux-x86_64-fedora-clang | 1.0.1 | 69.40 | OK | |||
r-devel-linux-x86_64-fedora-gcc | 1.0.1 | 90.45 | OK | |||
r-devel-windows-x86_64 | 1.0.1 | 3.00 | 67.00 | 70.00 | OK | |
r-patched-linux-x86_64 | 1.0.1 | 2.30 | 38.82 | 41.12 | OK | |
r-release-linux-x86_64 | 1.0.1 | 1.88 | 41.25 | 43.13 | OK | |
r-release-macos-arm64 | 1.0.1 | 29.00 | OK | |||
r-release-macos-x86_64 | 1.0.1 | 53.00 | OK | |||
r-release-windows-x86_64 | 1.0.1 | 3.00 | 65.00 | 68.00 | OK | |
r-oldrel-macos-arm64 | 1.0.1 | 28.00 | NOTE | |||
r-oldrel-macos-x86_64 | 1.0.1 | 54.00 | NOTE | |||
r-oldrel-windows-x86_64 | 1.0.1 | 4.00 | 80.00 | 84.00 | NOTE |
Version: 1.0.1
Check: CRAN incoming feasibility
Result: NOTE
Maintainer: ‘Andrea Martino <andrea.martino@polimi.it>’
The Description field contains
Ieva, F. and Paganoni A. M. (2017) <arXiv:1708.00386>.
Please refer to arXiv e-prints via their arXiv DOI <doi:10.48550/arXiv.YYMM.NNNNN>.
Flavors: r-devel-linux-x86_64-debian-clang, r-devel-linux-x86_64-debian-gcc
Version: 1.0.1
Check: LazyData
Result: NOTE
'LazyData' is specified without a 'data' directory
Flavors: r-oldrel-macos-arm64, r-oldrel-macos-x86_64, r-oldrel-windows-x86_64