Last updated on 2024-05-21 14:57:12 CEST.
Flavor | Version | Tinstall | Tcheck | Ttotal | Status | Flags |
---|---|---|---|---|---|---|
r-devel-linux-x86_64-debian-clang | 0.7-10 | 2.79 | 33.98 | 36.77 | OK | |
r-devel-linux-x86_64-debian-gcc | 0.7-10 | 2.50 | 27.01 | 29.51 | OK | |
r-devel-linux-x86_64-fedora-clang | 0.7-10 | 48.67 | NOTE | |||
r-devel-linux-x86_64-fedora-gcc | 0.7-10 | 61.79 | OK | |||
r-devel-windows-x86_64 | 0.7-10 | 3.00 | 49.00 | 52.00 | OK | |
r-patched-linux-x86_64 | 0.7-10 | 3.48 | 33.90 | 37.38 | OK | |
r-release-linux-x86_64 | 0.7-10 | 2.55 | 32.97 | 35.52 | OK | |
r-release-macos-arm64 | 0.7-10 | 23.00 | OK | |||
r-release-windows-x86_64 | 0.7-10 | 4.00 | 47.00 | 51.00 | OK | |
r-oldrel-macos-arm64 | 0.7-10 | 36.00 | OK | |||
r-oldrel-macos-x86_64 | 0.7-10 | 81.00 | OK | |||
r-oldrel-windows-x86_64 | 0.7-10 | 4.00 | 50.00 | 54.00 | OK |
Version: 0.7-10
Check: Rd cross-references
Result: NOTE
Undeclared packages ‘openxlsx’, ‘readxl’ in Rd xrefs
Flavor: r-devel-linux-x86_64-fedora-clang