Last updated on 2025-02-21 02:52:12 CET.
Flavor | Version | Tinstall | Tcheck | Ttotal | Status | Flags |
---|---|---|---|---|---|---|
r-devel-linux-x86_64-debian-clang | 2.0.2 | 5.92 | 50.77 | 56.69 | NOTE | |
r-devel-linux-x86_64-debian-gcc | 2.0.2 | 3.90 | 37.46 | 41.36 | NOTE | |
r-devel-linux-x86_64-fedora-clang | 2.0.2 | 90.41 | OK | |||
r-devel-linux-x86_64-fedora-gcc | 2.0.2 | 102.72 | OK | |||
r-devel-macos-arm64 | 2.0.2 | 45.00 | OK | |||
r-devel-macos-x86_64 | 2.0.2 | 75.00 | OK | |||
r-devel-windows-x86_64 | 2.0.2 | 7.00 | 83.00 | 90.00 | NOTE | |
r-patched-linux-x86_64 | 2.0.2 | 9.90 | 47.28 | 57.18 | OK | |
r-release-linux-x86_64 | 2.0.2 | 4.88 | 47.63 | 52.51 | OK | |
r-release-macos-arm64 | 2.0.2 | 40.00 | OK | |||
r-release-macos-x86_64 | 2.0.2 | 55.00 | OK | |||
r-release-windows-x86_64 | 2.0.2 | 8.00 | 75.00 | 83.00 | OK | |
r-oldrel-macos-arm64 | 2.0.2 | 576.00 | OK | |||
r-oldrel-macos-x86_64 | 2.0.2 | 523.00 | OK | |||
r-oldrel-windows-x86_64 | 2.0.2 | 9.00 | 106.00 | 115.00 | OK |
Version: 2.0.2
Check: Rd cross-references
Result: NOTE
Found the following Rd file(s) with Rd \link{} targets missing package
anchors:
gar_auth.Rd: Token-class
gar_auto_auth.Rd: Token-class
Please provide package anchors for all Rd \link{} targets not in the
package itself and the base packages.
Flavors: r-devel-linux-x86_64-debian-clang, r-devel-linux-x86_64-debian-gcc, r-devel-windows-x86_64