CRAN Package Check Results for Package googleCloudVisionR

Last updated on 2025-02-21 02:52:12 CET.

Flavor Version Tinstall Tcheck Ttotal Status Flags
r-devel-linux-x86_64-debian-clang 0.2.0 3.63 32.77 36.40 OK
r-devel-linux-x86_64-debian-gcc 0.2.0 2.84 23.66 26.50 OK
r-devel-linux-x86_64-fedora-clang 0.2.0 55.88 OK
r-devel-linux-x86_64-fedora-gcc 0.2.0 53.60 OK
r-devel-macos-arm64 0.2.0 23.00 OK
r-devel-macos-x86_64 0.2.0 37.00 OK
r-devel-windows-x86_64 0.2.0 5.00 55.00 60.00 OK
r-patched-linux-x86_64 0.2.0 3.85 30.19 34.04 NOTE
r-release-linux-x86_64 0.2.0 3.69 29.82 33.51 NOTE
r-release-macos-arm64 0.2.0 22.00 NOTE
r-release-macos-x86_64 0.2.0 30.00 NOTE
r-release-windows-x86_64 0.2.0 6.00 53.00 59.00 NOTE
r-oldrel-macos-arm64 0.2.0 23.00 NOTE
r-oldrel-macos-x86_64 0.2.0 32.00 NOTE
r-oldrel-windows-x86_64 0.2.0 7.00 78.00 85.00 NOTE

Check Details

Version: 0.2.0
Check: LazyData
Result: NOTE 'LazyData' is specified without a 'data' directory Flavors: r-patched-linux-x86_64, r-release-linux-x86_64, r-release-macos-arm64, r-release-macos-x86_64, r-release-windows-x86_64, r-oldrel-macos-arm64, r-oldrel-macos-x86_64, r-oldrel-windows-x86_64